{"id":3388,"date":"2015-02-01T15:03:02","date_gmt":"2015-02-01T15:03:02","guid":{"rendered":"http:\/\/www.isbe-archaeologie.at\/?page_id=3388"},"modified":"2021-04-13T09:02:21","modified_gmt":"2021-04-13T09:02:21","slug":"verein","status":"publish","type":"page","link":"http:\/\/www.isbe-archaeologie.at\/?page_id=3388","title":{"rendered":"Verein"},"content":{"rendered":"<div  class='flex_column av-av_one_fourth-2a9015ff38129c418a3f2eafba3e9512 av_one_fourth  avia-builder-el-0  el_before_av_one_half  avia-builder-el-first  first flex_column_div  '     ><section  class='av_textblock_section av-av_textblock-0366cc7376be6c9e82a3e9cc8987b64f '   itemscope=\"itemscope\" itemtype=\"https:\/\/schema.org\/CreativeWork\" ><div class='avia_textblock'  itemprop=\"text\" ><p style=\"text-align: justify;\">Das <span style=\"color: #940614;\"><em>Institut f\u00fcr s\u00fcdostalpine Bronze- und Eisenzeitforschung ISBE<\/em><\/span> ist ein eingetragener gemeinn\u00fctziger Verein. Hauptanliegen des Vereins ist die arch\u00e4ologische Erforschung des S\u00fcdostalpenraumes in der Bronze- und Eisenzeit, der Schutz und Erhalt arch\u00e4ologischer Bodendenkm\u00e4ler und Funde sowie die \u00f6ffentliche Pr\u00e4sentation der Forschungsergebnisse.<\/p>\n<p style=\"text-align: center;\">ZVR: 101631654<\/p>\n<p style=\"text-align: center;\">Vereinssitz und Postadresse: Eichenweg 19\/E\/2, A-8042 Graz<\/p>\n<p style=\"text-align: center;\">B\u00fcro: Business Center G\u00f6ssendorf, 2. OG, Top 35, A-8077 G\u00f6ssendorf<\/p>\n<p style=\"text-align: center;\"><a href=\"mailto:office@isbe-archaeologie.at\">office@isbe-archaeologie.at<\/a><\/p>\n<\/div><\/section><\/div>\n\n<style type=\"text\/css\" data-created_by=\"avia_inline_auto\" id=\"style-css-av-av_one_half-9c1d454dc06f7247226bc4e8f931daae\">\n.flex_column.av-av_one_half-9c1d454dc06f7247226bc4e8f931daae{\nborder-radius:0px 0px 0px 0px;\npadding:0px 0px 0px 0px;\n}\n<\/style>\n<div  class='flex_column av-av_one_half-9c1d454dc06f7247226bc4e8f931daae av_one_half  avia-builder-el-2  el_after_av_one_fourth  el_before_av_one_fifth  flex_column_div av-zero-column-padding  '     ><div class='avia-data-table-wrap av-av_table-7e2c9c152baae5068c63177422275d49 avia_scrollable_table avia-table-1'><table  class='avia-table avia-data-table avia_pricing_default  avia-builder-el-3  avia-builder-el-no-sibling '  itemscope=\"itemscope\" itemtype=\"https:\/\/schema.org\/Table\" ><tbody><tr class='avia-heading-row'><th class=''>Funktion<\/th><th class=''>Name<\/th><th class=''>Kontakt<\/th><\/tr><tr class=''><td class=''>Obmann: <\/td><td class=''>Dr. Alexandra Puhm<\/td><td class=''><\/td><\/tr><tr class=''><td class=''>Obmann Stv.: <\/td><td class=''>Nicole Kamp MSc.<\/td><td class=''><\/td><\/tr><tr class=''><td class=''>Schriftf\u00fchrer, Wissenschaftliche Mitarbeit:<\/td><td class=''>Regina Kl\u00f6ckl BA MA<\/td><td class=''><\/td><\/tr><tr class=''><td class=''>Kassier:<\/td><td class=''>Dr. Brigitte Schuchlenz<\/td><td class=''><\/td><\/tr><tr class=''><td class=''>1. Rechnungspr\u00fcfer:<\/td><td class=''>Sylvia H\u00f6rtner<\/td><td class=''><\/td><\/tr><tr class=''><td class=''>2. Rechnungspr\u00fcfer:<\/td><td class=''>Mag. Birgit Bakos<\/td><td class=''><\/td><\/tr><tr class=''><td class=''>Gesch\u00e4ftsf\u00fchrer, Wissenschaftliche Mitarbeit\/Ausgrabung:<\/td><td class=''>Mag. Dr. Georg Tiefengraber<\/td><td class=''>Mobil: 0699\/125 875 59<br \/>\n<\/td><\/tr><tr class=''><td class=''>Gesch\u00e4ftsf\u00fchrer Stv., Wissenschaftliche Mitarbeit\/B\u00fcro:<\/td><td class=''>Mag. Susanne Tiefengraber<\/td><td class=''>Mobil: 0699\/125 875 60<\/td><\/tr><tr class=''><td class=''>Wissenschaftliche Mitarbeit\/Ausgrabung:<\/td><td class=''>Martin Bertha BA MA<\/td><td class=''>Mobil: 0650\/47 05 828<\/td><\/tr><tr class=''><td class=''>Wissenschaftliche Mitarbeit\/Ausgrabung:<\/td><td class=''>Helmut Vrabec BA MA<\/td><td class=''>Mobil: 0650\/5050 589<\/td><\/tr><tr class=''><td class=''>Wissenschaftliche Mitarbeit\/Ausgrabung:<\/td><td class=''>Josip Zoric MA<\/td><td class=''><\/td><\/tr><\/tbody><\/table><\/div><\/div>\n<style type=\"text\/css\" data-created_by=\"avia_inline_auto\" id=\"style-css-av-av_one_fifth-c72881ac78ceef3dd2a13ddaf93ccbf8\">\n.flex_column.av-av_one_fifth-c72881ac78ceef3dd2a13ddaf93ccbf8{\nborder-radius:0px 0px 0px 0px;\npadding:350px 0px 0px 0px;\n}\n<\/style>\n<div  class='flex_column av-av_one_fifth-c72881ac78ceef3dd2a13ddaf93ccbf8 av_one_fifth  avia-builder-el-4  el_after_av_one_half  el_before_av_masonry_gallery  avia-builder-el-last  flex_column_div  '     ><p><div  class='avia-button-wrap av-av_button-0468f783f4c3a01dc6472b0635e7757b-wrap avia-button-center  avia-builder-el-5  el_before_av_button  avia-builder-el-first '><a href='mailto:georg.tiefengraber@isbe-archaeologie.at' class='avia-button av-av_button-0468f783f4c3a01dc6472b0635e7757b av-link-btn avia-icon_select-yes-left-icon avia-size-large avia-position-center avia-color-theme-color' target=\"_blank\" rel=\"noopener noreferrer\"><span class='avia_button_icon avia_button_icon_left' aria-hidden='true' data-av_icon='\ue836' data-av_iconfont='entypo-fontello'><\/span><span class='avia_iconbox_title' >Mailto Georg Tiefengraber<\/span><\/a><\/div><br \/>\n<div  class='avia-button-wrap av-av_button-4861b63d9a60061c4632379f3d8c083b-wrap avia-button-center  avia-builder-el-6  el_after_av_button  el_before_av_button '><a href='mailto:susanne.tiefengraber@isbe-archaeologie.at' class='avia-button av-av_button-4861b63d9a60061c4632379f3d8c083b av-link-btn avia-icon_select-yes-left-icon avia-size-large avia-position-center avia-color-theme-color' target=\"_blank\" rel=\"noopener noreferrer\"><span class='avia_button_icon avia_button_icon_left' aria-hidden='true' data-av_icon='\ue836' data-av_iconfont='entypo-fontello'><\/span><span class='avia_iconbox_title' >Mailto Susanne Tiefengraber<\/span><\/a><\/div><br \/>\n<div  class='avia-button-wrap av-av_button-2cabe54b05de37a9b3681423153f81fa-wrap avia-button-center  avia-builder-el-7  el_after_av_button  el_before_av_button '><a href='mailto:martin.bertha@isbe-archaeologie.at' class='avia-button av-av_button-2cabe54b05de37a9b3681423153f81fa av-link-btn avia-icon_select-yes-left-icon avia-size-large avia-position-center avia-color-theme-color' target=\"_blank\" rel=\"noopener noreferrer\"><span class='avia_button_icon avia_button_icon_left' aria-hidden='true' data-av_icon='\ue836' data-av_iconfont='entypo-fontello'><\/span><span class='avia_iconbox_title' >Mailto Martin Bertha<\/span><\/a><\/div><br \/>\n<div  class='avia-button-wrap av-av_button-2db42435eb286e37dbfa00512818e702-wrap avia-button-center  avia-builder-el-8  el_after_av_button  avia-builder-el-last '><a href='mailto:helmut.vrabec@isbe-archaeologie.at' class='avia-button av-av_button-2db42435eb286e37dbfa00512818e702 av-link-btn avia-icon_select-yes-left-icon avia-size-large avia-position-center avia-color-theme-color' target=\"_blank\" rel=\"noopener noreferrer\"><span class='avia_button_icon avia_button_icon_left' aria-hidden='true' data-av_icon='\ue836' data-av_iconfont='entypo-fontello'><\/span><span class='avia_iconbox_title' >Mailto Helmut Vrabec<\/span><\/a><\/div><\/p><\/div><\/p>\n<div id='av-masonry-1' class='av-masonry av-av_masonry_gallery-eb5678f1d686583f17c647f84f3437c8 noHover av-fixed-size av-1px-gap av-hover-overlay- av-masonry-animation-active av-masonry-col-6 av-caption-always av-caption-style- av-masonry-gallery ' data-post_id=\"3388\"><div class=\"av-masonry-container isotope av-js-disabled\"><div class='av-masonry-entry isotope-item av-masonry-item-no-image '><\/div><a href=\"http:\/\/www.isbe-archaeologie.at\/wp-content\/uploads\/2015\/02\/Filmaufnahmen-H.-G.-Korb.jpg\" data-srcset=\"http:\/\/www.isbe-archaeologie.at\/wp-content\/uploads\/2015\/02\/Filmaufnahmen-H.-G.-Korb.jpg 787w, http:\/\/www.isbe-archaeologie.at\/wp-content\/uploads\/2015\/02\/Filmaufnahmen-H.-G.-Korb-300x200.jpg 300w, http:\/\/www.isbe-archaeologie.at\/wp-content\/uploads\/2015\/02\/Filmaufnahmen-H.-G.-Korb-705x470.jpg 705w, http:\/\/www.isbe-archaeologie.at\/wp-content\/uploads\/2015\/02\/Filmaufnahmen-H.-G.-Korb-450x300.jpg 450w\" data-sizes=\"(max-width: 787px) 100vw, 787px\"  aria-label=\"Bild Filmaufnahmen H. G. Korb\"  id='av-masonry-1-item-3389' data-av-masonry-item='3389' class='av-masonry-entry isotope-item post-3389 attachment type-attachment status-inherit hentry  av-masonry-item-with-image' title=\"Filmaufnahmen H. G. Korb\" alt=\"\"    itemprop=\"thumbnailUrl\" ><div class='av-inner-masonry-sizer'><\/div><figure class='av-inner-masonry main_color'><div class=\"av-masonry-outerimage-container\"><div class='av-masonry-image-container' style=\"background-image: url(http:\/\/www.isbe-archaeologie.at\/wp-content\/uploads\/2015\/02\/Filmaufnahmen-H.-G.-Korb-705x470.jpg);\"  title=\"Filmaufnahmen H. G. Korb\"  ><\/div><\/div><\/figure><\/a><!--end av-masonry entry--><a href=\"http:\/\/www.isbe-archaeologie.at\/wp-content\/uploads\/2015\/02\/Jahresfeier-2012-1030x690.jpg\" data-srcset=\"http:\/\/www.isbe-archaeologie.at\/wp-content\/uploads\/2015\/02\/Jahresfeier-2012-1030x690.jpg 1030w, http:\/\/www.isbe-archaeologie.at\/wp-content\/uploads\/2015\/02\/Jahresfeier-2012-300x201.jpg 300w, http:\/\/www.isbe-archaeologie.at\/wp-content\/uploads\/2015\/02\/Jahresfeier-2012-705x472.jpg 705w, http:\/\/www.isbe-archaeologie.at\/wp-content\/uploads\/2015\/02\/Jahresfeier-2012-450x301.jpg 450w, http:\/\/www.isbe-archaeologie.at\/wp-content\/uploads\/2015\/02\/Jahresfeier-2012.jpg 1181w\" data-sizes=\"(max-width: 1030px) 100vw, 1030px\"  aria-label=\"Bild Jahresfeier 2012\"  id='av-masonry-1-item-3390' data-av-masonry-item='3390' class='av-masonry-entry isotope-item post-3390 attachment type-attachment status-inherit hentry  av-masonry-item-with-image' title=\"Jahresfeier 2012\" alt=\"\"    itemprop=\"thumbnailUrl\" ><div class='av-inner-masonry-sizer'><\/div><figure class='av-inner-masonry main_color'><div class=\"av-masonry-outerimage-container\"><div class='av-masonry-image-container' style=\"background-image: url(http:\/\/www.isbe-archaeologie.at\/wp-content\/uploads\/2015\/02\/Jahresfeier-2012-705x472.jpg);\"  title=\"Jahresfeier 2012\"  ><\/div><\/div><\/figure><\/a><!--end av-masonry entry--><a href=\"http:\/\/www.isbe-archaeologie.at\/wp-content\/uploads\/2015\/02\/Jahresfeier-2014-1030x686.jpg\" data-srcset=\"http:\/\/www.isbe-archaeologie.at\/wp-content\/uploads\/2015\/02\/Jahresfeier-2014-1030x686.jpg 1030w, http:\/\/www.isbe-archaeologie.at\/wp-content\/uploads\/2015\/02\/Jahresfeier-2014-300x200.jpg 300w, http:\/\/www.isbe-archaeologie.at\/wp-content\/uploads\/2015\/02\/Jahresfeier-2014-705x470.jpg 705w, http:\/\/www.isbe-archaeologie.at\/wp-content\/uploads\/2015\/02\/Jahresfeier-2014-450x300.jpg 450w, http:\/\/www.isbe-archaeologie.at\/wp-content\/uploads\/2015\/02\/Jahresfeier-2014.jpg 1181w\" data-sizes=\"(max-width: 1030px) 100vw, 1030px\"  aria-label=\"Bild Jahresfeier 2014\"  id='av-masonry-1-item-3391' data-av-masonry-item='3391' class='av-masonry-entry isotope-item post-3391 attachment type-attachment status-inherit hentry  av-masonry-item-with-image' title=\"Jahresfeier 2014\" alt=\"\"    itemprop=\"thumbnailUrl\" ><div class='av-inner-masonry-sizer'><\/div><figure class='av-inner-masonry main_color'><div class=\"av-masonry-outerimage-container\"><div class='av-masonry-image-container' style=\"background-image: url(http:\/\/www.isbe-archaeologie.at\/wp-content\/uploads\/2015\/02\/Jahresfeier-2014-705x470.jpg);\"  title=\"Jahresfeier 2014\"  ><\/div><\/div><\/figure><\/a><!--end av-masonry entry--><a href=\"http:\/\/www.isbe-archaeologie.at\/wp-content\/uploads\/2015\/02\/nach-Abschluss-der-Ausgrabung-Tumulus-II-1030x690.jpg\" data-srcset=\"http:\/\/www.isbe-archaeologie.at\/wp-content\/uploads\/2015\/02\/nach-Abschluss-der-Ausgrabung-Tumulus-II-1030x690.jpg 1030w, http:\/\/www.isbe-archaeologie.at\/wp-content\/uploads\/2015\/02\/nach-Abschluss-der-Ausgrabung-Tumulus-II-300x201.jpg 300w, http:\/\/www.isbe-archaeologie.at\/wp-content\/uploads\/2015\/02\/nach-Abschluss-der-Ausgrabung-Tumulus-II-705x472.jpg 705w, http:\/\/www.isbe-archaeologie.at\/wp-content\/uploads\/2015\/02\/nach-Abschluss-der-Ausgrabung-Tumulus-II-450x301.jpg 450w, http:\/\/www.isbe-archaeologie.at\/wp-content\/uploads\/2015\/02\/nach-Abschluss-der-Ausgrabung-Tumulus-II.jpg 1181w\" data-sizes=\"(max-width: 1030px) 100vw, 1030px\"  aria-label=\"Bild nach Abschluss der Ausgrabung Tumulus II\"  id='av-masonry-1-item-3392' data-av-masonry-item='3392' class='av-masonry-entry isotope-item post-3392 attachment type-attachment status-inherit hentry  av-masonry-item-with-image' title=\"nach Abschluss der Ausgrabung Tumulus II\" alt=\"\"    itemprop=\"thumbnailUrl\" ><div class='av-inner-masonry-sizer'><\/div><figure class='av-inner-masonry main_color'><div class=\"av-masonry-outerimage-container\"><div class='av-masonry-image-container' style=\"background-image: url(http:\/\/www.isbe-archaeologie.at\/wp-content\/uploads\/2015\/02\/nach-Abschluss-der-Ausgrabung-Tumulus-II-705x472.jpg);\"  title=\"nach Abschluss der Ausgrabung Tumulus II\"  ><\/div><\/div><\/figure><\/a><!--end av-masonry entry--><a href=\"http:\/\/www.isbe-archaeologie.at\/wp-content\/uploads\/2015\/02\/Reinigen-der-Funde.jpg\" data-srcset=\"http:\/\/www.isbe-archaeologie.at\/wp-content\/uploads\/2015\/02\/Reinigen-der-Funde.jpg 397w, http:\/\/www.isbe-archaeologie.at\/wp-content\/uploads\/2015\/02\/Reinigen-der-Funde-300x194.jpg 300w\" data-sizes=\"(max-width: 397px) 100vw, 397px\"  aria-label=\"Bild Reinigen der Funde\"  id='av-masonry-1-item-3393' data-av-masonry-item='3393' class='av-masonry-entry isotope-item post-3393 attachment type-attachment status-inherit hentry  av-masonry-item-with-image' title=\"Reinigen der Funde\" alt=\"\"    itemprop=\"thumbnailUrl\" ><div class='av-inner-masonry-sizer'><\/div><figure class='av-inner-masonry main_color'><div class=\"av-masonry-outerimage-container\"><div class='av-masonry-image-container' style=\"background-image: url(http:\/\/www.isbe-archaeologie.at\/wp-content\/uploads\/2015\/02\/Reinigen-der-Funde.jpg);\"  title=\"Reinigen der Funde\"  ><\/div><\/div><\/figure><\/a><!--end av-masonry entry--><a href=\"http:\/\/www.isbe-archaeologie.at\/wp-content\/uploads\/2015\/02\/Team-Ausgrabung-Falkenberg-Eisenverh\u00fcttung-bei-der-Jause-1030x686.jpg\" data-srcset=\"http:\/\/www.isbe-archaeologie.at\/wp-content\/uploads\/2015\/02\/Team-Ausgrabung-Falkenberg-Eisenverh\u00fcttung-bei-der-Jause-1030x686.jpg 1030w, http:\/\/www.isbe-archaeologie.at\/wp-content\/uploads\/2015\/02\/Team-Ausgrabung-Falkenberg-Eisenverh\u00fcttung-bei-der-Jause-300x200.jpg 300w, http:\/\/www.isbe-archaeologie.at\/wp-content\/uploads\/2015\/02\/Team-Ausgrabung-Falkenberg-Eisenverh\u00fcttung-bei-der-Jause-705x470.jpg 705w, http:\/\/www.isbe-archaeologie.at\/wp-content\/uploads\/2015\/02\/Team-Ausgrabung-Falkenberg-Eisenverh\u00fcttung-bei-der-Jause-450x300.jpg 450w, http:\/\/www.isbe-archaeologie.at\/wp-content\/uploads\/2015\/02\/Team-Ausgrabung-Falkenberg-Eisenverh\u00fcttung-bei-der-Jause.jpg 1181w\" data-sizes=\"(max-width: 1030px) 100vw, 1030px\"  aria-label=\"Bild Team Ausgrabung Falkenberg-Eisenverh\u00fcttung bei der Jause\"  id='av-masonry-1-item-3394' data-av-masonry-item='3394' class='av-masonry-entry isotope-item post-3394 attachment type-attachment status-inherit hentry  av-masonry-item-with-image' title=\"Team Ausgrabung Falkenberg-Eisenverh\u00fcttung bei der Jause\" alt=\"\"    itemprop=\"thumbnailUrl\" ><div class='av-inner-masonry-sizer'><\/div><figure class='av-inner-masonry main_color'><div class=\"av-masonry-outerimage-container\"><div class='av-masonry-image-container' style=\"background-image: url(http:\/\/www.isbe-archaeologie.at\/wp-content\/uploads\/2015\/02\/Team-Ausgrabung-Falkenberg-Eisenverh\u00fcttung-bei-der-Jause-705x470.jpg);\"  title=\"Team Ausgrabung Falkenberg-Eisenverh\u00fcttung bei der Jause\"  ><\/div><\/div><\/figure><\/a><!--end av-masonry entry--><\/div><a class='av-masonry-pagination av-masonry-load-more' href='#load-more'  data-ids='3389,3390,3391,3392,3393,3394,3395'  data-caption_elements='none'  data-caption_styling=''  data-caption_display='always'  data-img_copyright=''  data-size='fixed'  data-orientation=''  data-image_size='masonry'  data-gap='1px'  data-columns='6'  data-av-desktop-columns=''  data-av-medium-columns=''  data-av-small-columns=''  data-av-mini-columns=''  data-items='6'  data-paginate='load_more'  data-color=''  data-custom_bg=''  data-img_copyright_font=''  data-av-desktop-font-img_copyright_font=''  data-av-medium-font-img_copyright_font=''  data-av-small-font-img_copyright_font=''  data-av-mini-font-img_copyright_font=''  data-img_copyright_color=''  data-img_copyright_bg=''  data-animation='active'  data-animation_duration=''  data-animation_custom_bg_color=''  data-animation_custom_bg_color_multi_list=''  data-animation_z_index_curtain='100'  data-overlay_fx=''  data-container_links='active'  data-link_dest=''  data-lightbox_text=''  data-img_scrset=''  data-lazy_loading='disabled'  data-av-desktop-hide=''  data-av-medium-hide=''  data-av-small-hide=''  data-av-mini-hide=''  data-alb_description=''  data-id=''  data-custom_class=''  data-template_class=''  data-av_uid=''  data-sc_version='1.0'  data-action=''  data-link='category'  data-post_type='post, page, attachment, revision, nav_menu_item, custom_css, customize_changeset, oembed_cache, user_request, wp_block, wp_template, wp_template_part, wp_global_styles, wp_navigation, wp_font_family, wp_font_face, portfolio, avia_framework_post'  data-term_rel='IN'  data-offset='0'  data-container_class='av-masonry-gallery'  data-wc_prod_visible=''  data-wc_prod_hidden=''  data-wc_prod_featured=''  data-prod_order_by=''  data-prod_order=''  data-sort='no'  data-auto_ratio='1.7'  data-set_breadcrumb='1'  data-custom_markup=''  data-query_orderby='date'  data-query_order='DESC'  data-date_filter=''  data-date_filter_start=''  data-date_filter_end=''  data-date_filter_format='yy\/mm\/dd'  data-period_filter_unit_1=''  data-period_filter_unit_2=''  data-page_element_filter=''  data-avno='69bfe00316'>Mehr laden<\/a><\/div>\n","protected":false},"excerpt":{"rendered":"","protected":false},"author":1,"featured_media":0,"parent":0,"menu_order":1,"comment_status":"open","ping_status":"open","template":"","meta":{"footnotes":""},"_links":{"self":[{"href":"http:\/\/www.isbe-archaeologie.at\/index.php?rest_route=\/wp\/v2\/pages\/3388"}],"collection":[{"href":"http:\/\/www.isbe-archaeologie.at\/index.php?rest_route=\/wp\/v2\/pages"}],"about":[{"href":"http:\/\/www.isbe-archaeologie.at\/index.php?rest_route=\/wp\/v2\/types\/page"}],"author":[{"embeddable":true,"href":"http:\/\/www.isbe-archaeologie.at\/index.php?rest_route=\/wp\/v2\/users\/1"}],"replies":[{"embeddable":true,"href":"http:\/\/www.isbe-archaeologie.at\/index.php?rest_route=%2Fwp%2Fv2%2Fcomments&post=3388"}],"version-history":[{"count":46,"href":"http:\/\/www.isbe-archaeologie.at\/index.php?rest_route=\/wp\/v2\/pages\/3388\/revisions"}],"predecessor-version":[{"id":4671,"href":"http:\/\/www.isbe-archaeologie.at\/index.php?rest_route=\/wp\/v2\/pages\/3388\/revisions\/4671"}],"wp:attachment":[{"href":"http:\/\/www.isbe-archaeologie.at\/index.php?rest_route=%2Fwp%2Fv2%2Fmedia&parent=3388"}],"curies":[{"name":"wp","href":"https:\/\/api.w.org\/{rel}","templated":true}]}}