{"id":3502,"date":"2015-02-04T01:46:50","date_gmt":"2015-02-04T01:46:50","guid":{"rendered":"http:\/\/www.isbe-archaeologie.at\/?page_id=3502"},"modified":"2015-02-10T17:39:16","modified_gmt":"2015-02-10T17:39:16","slug":"schlossberg-st-lorenzen","status":"publish","type":"page","link":"http:\/\/www.isbe-archaeologie.at\/?page_id=3502","title":{"rendered":"Schlossberg St. Lorenzen"},"content":{"rendered":"<section  class='av_textblock_section av-av_textblock-0366cc7376be6c9e82a3e9cc8987b64f '   itemscope=\"itemscope\" itemtype=\"https:\/\/schema.org\/CreativeWork\" ><div class='avia_textblock'  itemprop=\"text\" ><h3>Die Siedlung auf dem Schlossberg bei St. Lorenzen\/Knittelfeld<\/h3>\n<p style=\"text-align: justify;\">Auf dem kleinen, markanten Bergsporn des Schlossberges s\u00fcd\u00f6stlich von St. Lorenzen konnte eine f\u00fcr die Obersteiermark bislang einzigartige vorgeschichtliche Siedlungsabfolge von der Fr\u00fchbronzezeit (\u201eLitzenkeramik\u201c, 17.\u221216. Jahrhundert v. Chr.), \u00fcber die sp\u00e4te Bronzezeit bzw. Urnenfelderzeit (11.\u22129. Jahrhundert v. Chr.), die \u00e4ltere Eisen- bzw. Hallstattzeit (8.\u22126. Jahrhundert v. Chr.) bis hin zur fr\u00fch- und sp\u00e4tkeltischen Lat\u00e8nezeit (sp\u00e4tes 5. und 2.\/1. Jahrhundert v. Chr.) festgestellt werden. Au\u00dferdem stand hier im 10. und 11. Jahrhundert n. Chr. eine der \u00e4ltesten mittelalterlichen Burganlagen nicht nur der mittleren Steiermark, die jedoch nur kurze Zeit Bestand hatte und sp\u00e4testens im 12. Jahrhundert bereits wieder abgekommen war. Die im Fr\u00fchjahr 2014 durchgef\u00fchrte Ausgrabung wurde von der <em>Gemeinde St. Lorenzen bei Knittelfeld<\/em> finanziert.<\/p>\n<p style=\"text-align: justify;\">Im bewaldeten Gel\u00e4nde sind auch heute noch die Spuren der einst hier lebenden Menschen erkennbar. Denn um auf den steil abfallenden H\u00e4ngen des Schlossberges genug Platz f\u00fcr die Errichtung von Geb\u00e4uden zu schaffen, mussten ebene Fl\u00e4chen angelegt werden, die in Form von Terrassen und Podien erhalten blieben. Darauf standen Holzgeb\u00e4ude, die \u00e4hnlich wie noch heute bestehende alte Almh\u00fctten aussahen. Im Zuge der Ausgrabung konnten die Strukturen mehrerer derartiger Geb\u00e4ude untersucht werden, deren Reste sich in Form von Balkengr\u00e4bchen und Pfostengruben unter dem Waldhumus abzeichneten. Funde von charakteristischen Keramikscherben, die von den Koch- und Speisegeschirren der ehemaligen Bewohner als Abfallprodukt \u00fcbrig blieben, erlaubten eine feinchronologische Beurteilung der erstaunlich dichten Besiedlungsabfolge.<\/p>\n<p style=\"text-align: justify;\">F\u00fcr die Errichtung der mittelalterlichen Burganlage wurden erneut umfangreiche Ver\u00e4nderungen am Gel\u00e4nde vorgenommen: Um die leicht einnehmbare S\u00fcdseite des Schlossberges gegen feindliche Angriffe zu sch\u00fctzen, wurde ein mit Holzpalisaden bewehrter Wall und davor liegende Abschnittsgr\u00e4ben angelegt. An allen anderen Seiten war die aus Holz errichtete Burg durch die nat\u00fcrliche Steilheit der H\u00e4nge gut gesch\u00fctzt.<\/p>\n<\/div><\/section>\n<div id='av-masonry-1' class='av-masonry av-av_masonry_gallery-e1f108bf5030b7648867a74da86987eb noHover av-fixed-size av-1px-gap av-hover-overlay- av-masonry-animation-active av-masonry-col-6 av-caption-always av-caption-style- av-masonry-gallery ' data-post_id=\"3502\"><div class=\"av-masonry-container isotope av-js-disabled\"><div class='av-masonry-entry isotope-item av-masonry-item-no-image '><\/div><a href=\"http:\/\/www.isbe-archaeologie.at\/wp-content\/uploads\/2015\/02\/lat\u00e8nezeitliche-Graphittonkeramik.jpg\" data-srcset=\"http:\/\/www.isbe-archaeologie.at\/wp-content\/uploads\/2015\/02\/lat\u00e8nezeitliche-Graphittonkeramik.jpg 941w, http:\/\/www.isbe-archaeologie.at\/wp-content\/uploads\/2015\/02\/lat\u00e8nezeitliche-Graphittonkeramik-300x208.jpg 300w, http:\/\/www.isbe-archaeologie.at\/wp-content\/uploads\/2015\/02\/lat\u00e8nezeitliche-Graphittonkeramik-705x489.jpg 705w, http:\/\/www.isbe-archaeologie.at\/wp-content\/uploads\/2015\/02\/lat\u00e8nezeitliche-Graphittonkeramik-450x312.jpg 450w\" data-sizes=\"(max-width: 941px) 100vw, 941px\"  aria-label=\"Bild lat\u00e8nezeitliche Graphittonkeramik\"  id='av-masonry-1-item-3503' data-av-masonry-item='3503' class='av-masonry-entry isotope-item post-3503 attachment type-attachment status-inherit hentry  av-masonry-item-with-image' title=\"lat\u00e8nezeitliche Graphittonkeramik\" alt=\"\"    itemprop=\"thumbnailUrl\" ><div class='av-inner-masonry-sizer'><\/div><figure class='av-inner-masonry main_color'><div class=\"av-masonry-outerimage-container\"><div class='av-masonry-image-container' style=\"background-image: url(http:\/\/www.isbe-archaeologie.at\/wp-content\/uploads\/2015\/02\/lat\u00e8nezeitliche-Graphittonkeramik-705x489.jpg);\"  title=\"lat\u00e8nezeitliche Graphittonkeramik\"  ><\/div><\/div><\/figure><\/a><!--end av-masonry entry--><a href=\"http:\/\/www.isbe-archaeologie.at\/wp-content\/uploads\/2015\/02\/Reste-der-Befestigung-der-mittelalterlichen-Burg-1030x768.jpg\" data-srcset=\"http:\/\/www.isbe-archaeologie.at\/wp-content\/uploads\/2015\/02\/Reste-der-Befestigung-der-mittelalterlichen-Burg-1030x768.jpg 1030w, http:\/\/www.isbe-archaeologie.at\/wp-content\/uploads\/2015\/02\/Reste-der-Befestigung-der-mittelalterlichen-Burg-300x224.jpg 300w, http:\/\/www.isbe-archaeologie.at\/wp-content\/uploads\/2015\/02\/Reste-der-Befestigung-der-mittelalterlichen-Burg-705x526.jpg 705w, http:\/\/www.isbe-archaeologie.at\/wp-content\/uploads\/2015\/02\/Reste-der-Befestigung-der-mittelalterlichen-Burg-450x336.jpg 450w, http:\/\/www.isbe-archaeologie.at\/wp-content\/uploads\/2015\/02\/Reste-der-Befestigung-der-mittelalterlichen-Burg.jpg 1181w\" data-sizes=\"(max-width: 1030px) 100vw, 1030px\"  aria-label=\"Bild Reste der Befestigung der mittelalterlichen Burg\"  id='av-masonry-1-item-3504' data-av-masonry-item='3504' class='av-masonry-entry isotope-item post-3504 attachment type-attachment status-inherit hentry  av-masonry-item-with-image' title=\"Reste der Befestigung der mittelalterlichen Burg\" alt=\"\"    itemprop=\"thumbnailUrl\" ><div class='av-inner-masonry-sizer'><\/div><figure class='av-inner-masonry main_color'><div class=\"av-masonry-outerimage-container\"><div class='av-masonry-image-container' style=\"background-image: url(http:\/\/www.isbe-archaeologie.at\/wp-content\/uploads\/2015\/02\/Reste-der-Befestigung-der-mittelalterlichen-Burg-705x526.jpg);\"  title=\"Reste der Befestigung der mittelalterlichen Burg\"  ><\/div><\/div><\/figure><\/a><!--end av-masonry entry--><a href=\"http:\/\/www.isbe-archaeologie.at\/wp-content\/uploads\/2015\/02\/Teile-eines-hallstattzeitlichen-Gef\u00e4\u00dfes-1030x419.jpg\" data-srcset=\"http:\/\/www.isbe-archaeologie.at\/wp-content\/uploads\/2015\/02\/Teile-eines-hallstattzeitlichen-Gef\u00e4\u00dfes-1030x419.jpg 1030w, http:\/\/www.isbe-archaeologie.at\/wp-content\/uploads\/2015\/02\/Teile-eines-hallstattzeitlichen-Gef\u00e4\u00dfes-300x122.jpg 300w, http:\/\/www.isbe-archaeologie.at\/wp-content\/uploads\/2015\/02\/Teile-eines-hallstattzeitlichen-Gef\u00e4\u00dfes-705x287.jpg 705w, http:\/\/www.isbe-archaeologie.at\/wp-content\/uploads\/2015\/02\/Teile-eines-hallstattzeitlichen-Gef\u00e4\u00dfes-450x183.jpg 450w, http:\/\/www.isbe-archaeologie.at\/wp-content\/uploads\/2015\/02\/Teile-eines-hallstattzeitlichen-Gef\u00e4\u00dfes.jpg 1181w\" data-sizes=\"(max-width: 1030px) 100vw, 1030px\"  aria-label=\"Bild Teile eines hallstattzeitlichen Gef\u00e4\u00dfes\"  id='av-masonry-1-item-3505' data-av-masonry-item='3505' class='av-masonry-entry isotope-item post-3505 attachment type-attachment status-inherit hentry  av-masonry-item-with-image' title=\"Teile eines hallstattzeitlichen Gef\u00e4\u00dfes\" alt=\"\"    itemprop=\"thumbnailUrl\" ><div class='av-inner-masonry-sizer'><\/div><figure class='av-inner-masonry main_color'><div class=\"av-masonry-outerimage-container\"><div class='av-masonry-image-container' style=\"background-image: url(http:\/\/www.isbe-archaeologie.at\/wp-content\/uploads\/2015\/02\/Teile-eines-hallstattzeitlichen-Gef\u00e4\u00dfes-705x287.jpg);\"  title=\"Teile eines hallstattzeitlichen Gef\u00e4\u00dfes\"  ><\/div><\/div><\/figure><\/a><!--end av-masonry entry--><a href=\"http:\/\/www.isbe-archaeologie.at\/wp-content\/uploads\/2015\/02\/Wall-und-Grabenanlage-der-mittelalterlichen-Burg-689x1030.jpg\" data-srcset=\"http:\/\/www.isbe-archaeologie.at\/wp-content\/uploads\/2015\/02\/Wall-und-Grabenanlage-der-mittelalterlichen-Burg-689x1030.jpg 689w, http:\/\/www.isbe-archaeologie.at\/wp-content\/uploads\/2015\/02\/Wall-und-Grabenanlage-der-mittelalterlichen-Burg-201x300.jpg 201w, http:\/\/www.isbe-archaeologie.at\/wp-content\/uploads\/2015\/02\/Wall-und-Grabenanlage-der-mittelalterlichen-Burg-472x705.jpg 472w, http:\/\/www.isbe-archaeologie.at\/wp-content\/uploads\/2015\/02\/Wall-und-Grabenanlage-der-mittelalterlichen-Burg-450x672.jpg 450w, http:\/\/www.isbe-archaeologie.at\/wp-content\/uploads\/2015\/02\/Wall-und-Grabenanlage-der-mittelalterlichen-Burg.jpg 864w\" data-sizes=\"(max-width: 689px) 100vw, 689px\"  aria-label=\"Bild Wall und Grabenanlage der mittelalterlichen Burg\"  id='av-masonry-1-item-3506' data-av-masonry-item='3506' class='av-masonry-entry isotope-item post-3506 attachment type-attachment status-inherit hentry  av-masonry-item-with-image' title=\"Wall und Grabenanlage der mittelalterlichen Burg\" alt=\"\"    itemprop=\"thumbnailUrl\" ><div class='av-inner-masonry-sizer'><\/div><figure class='av-inner-masonry main_color'><div class=\"av-masonry-outerimage-container\"><div class='av-masonry-image-container' style=\"background-image: url(http:\/\/www.isbe-archaeologie.at\/wp-content\/uploads\/2015\/02\/Wall-und-Grabenanlage-der-mittelalterlichen-Burg-472x705.jpg);\"  title=\"Wall und Grabenanlage der mittelalterlichen Burg\"  ><\/div><\/div><\/figure><\/a><!--end av-masonry entry--><a href=\"http:\/\/www.isbe-archaeologie.at\/wp-content\/uploads\/2015\/02\/Ansicht-des-Schlossberges-vom-Sulzberg-aus.jpg\" data-srcset=\"http:\/\/www.isbe-archaeologie.at\/wp-content\/uploads\/2015\/02\/Ansicht-des-Schlossberges-vom-Sulzberg-aus.jpg 951w, http:\/\/www.isbe-archaeologie.at\/wp-content\/uploads\/2015\/02\/Ansicht-des-Schlossberges-vom-Sulzberg-aus-300x175.jpg 300w, http:\/\/www.isbe-archaeologie.at\/wp-content\/uploads\/2015\/02\/Ansicht-des-Schlossberges-vom-Sulzberg-aus-705x411.jpg 705w, http:\/\/www.isbe-archaeologie.at\/wp-content\/uploads\/2015\/02\/Ansicht-des-Schlossberges-vom-Sulzberg-aus-450x262.jpg 450w\" data-sizes=\"(max-width: 951px) 100vw, 951px\"  aria-label=\"Bild Ansicht des Schlossberges vom Sulzberg aus\"  id='av-masonry-1-item-3507' data-av-masonry-item='3507' class='av-masonry-entry isotope-item post-3507 attachment type-attachment status-inherit hentry  av-masonry-item-with-image' title=\"Ansicht des Schlossberges vom Sulzberg aus\" alt=\"\"    itemprop=\"thumbnailUrl\" ><div class='av-inner-masonry-sizer'><\/div><figure class='av-inner-masonry main_color'><div class=\"av-masonry-outerimage-container\"><div class='av-masonry-image-container' style=\"background-image: url(http:\/\/www.isbe-archaeologie.at\/wp-content\/uploads\/2015\/02\/Ansicht-des-Schlossberges-vom-Sulzberg-aus-705x411.jpg);\"  title=\"Ansicht des Schlossberges vom Sulzberg aus\"  ><\/div><\/div><\/figure><\/a><!--end av-masonry entry--><a href=\"http:\/\/www.isbe-archaeologie.at\/wp-content\/uploads\/2015\/02\/Ausblick-von-der-Kuppe-des-Schlossberges-Richtung-Nordwesten-1030x686.jpg\" data-srcset=\"http:\/\/www.isbe-archaeologie.at\/wp-content\/uploads\/2015\/02\/Ausblick-von-der-Kuppe-des-Schlossberges-Richtung-Nordwesten-1030x686.jpg 1030w, http:\/\/www.isbe-archaeologie.at\/wp-content\/uploads\/2015\/02\/Ausblick-von-der-Kuppe-des-Schlossberges-Richtung-Nordwesten-300x200.jpg 300w, http:\/\/www.isbe-archaeologie.at\/wp-content\/uploads\/2015\/02\/Ausblick-von-der-Kuppe-des-Schlossberges-Richtung-Nordwesten-705x470.jpg 705w, http:\/\/www.isbe-archaeologie.at\/wp-content\/uploads\/2015\/02\/Ausblick-von-der-Kuppe-des-Schlossberges-Richtung-Nordwesten-450x300.jpg 450w, http:\/\/www.isbe-archaeologie.at\/wp-content\/uploads\/2015\/02\/Ausblick-von-der-Kuppe-des-Schlossberges-Richtung-Nordwesten.jpg 1181w\" data-sizes=\"(max-width: 1030px) 100vw, 1030px\"  aria-label=\"Bild Ausblick von der Kuppe des Schlossberges Richtung Nordwesten\"  id='av-masonry-1-item-3508' data-av-masonry-item='3508' class='av-masonry-entry isotope-item post-3508 attachment type-attachment status-inherit hentry  av-masonry-item-with-image' title=\"Ausblick von der Kuppe des Schlossberges Richtung Nordwesten\" alt=\"\"    itemprop=\"thumbnailUrl\" ><div class='av-inner-masonry-sizer'><\/div><figure class='av-inner-masonry main_color'><div class=\"av-masonry-outerimage-container\"><div class='av-masonry-image-container' style=\"background-image: url(http:\/\/www.isbe-archaeologie.at\/wp-content\/uploads\/2015\/02\/Ausblick-von-der-Kuppe-des-Schlossberges-Richtung-Nordwesten-705x470.jpg);\"  title=\"Ausblick von der Kuppe des Schlossberges Richtung Nordwesten\"  ><\/div><\/div><\/figure><\/a><!--end av-masonry entry--><\/div><a class='av-masonry-pagination av-masonry-load-more' href='#load-more'  data-ids='3503,3504,3505,3506,3507,3508,3509,3510'  data-caption_elements='none'  data-caption_styling=''  data-caption_display='always'  data-img_copyright=''  data-size='fixed'  data-orientation=''  data-image_size='masonry'  data-gap='1px'  data-columns='6'  data-av-desktop-columns=''  data-av-medium-columns=''  data-av-small-columns=''  data-av-mini-columns=''  data-items='6'  data-paginate='load_more'  data-color=''  data-custom_bg=''  data-img_copyright_font=''  data-av-desktop-font-img_copyright_font=''  data-av-medium-font-img_copyright_font=''  data-av-small-font-img_copyright_font=''  data-av-mini-font-img_copyright_font=''  data-img_copyright_color=''  data-img_copyright_bg=''  data-animation='active'  data-animation_duration=''  data-animation_custom_bg_color=''  data-animation_custom_bg_color_multi_list=''  data-animation_z_index_curtain='100'  data-overlay_fx=''  data-container_links='active'  data-link_dest=''  data-lightbox_text=''  data-img_scrset=''  data-lazy_loading='disabled'  data-av-desktop-hide=''  data-av-medium-hide=''  data-av-small-hide=''  data-av-mini-hide=''  data-alb_description=''  data-id=''  data-custom_class=''  data-template_class=''  data-av_uid=''  data-sc_version='1.0'  data-action=''  data-link='category'  data-post_type='post, page, attachment, revision, nav_menu_item, custom_css, customize_changeset, oembed_cache, user_request, wp_block, wp_template, wp_template_part, wp_global_styles, wp_navigation, wp_font_family, wp_font_face, portfolio, avia_framework_post'  data-term_rel='IN'  data-offset='0'  data-container_class='av-masonry-gallery'  data-wc_prod_visible=''  data-wc_prod_hidden=''  data-wc_prod_featured=''  data-prod_order_by=''  data-prod_order=''  data-sort='no'  data-auto_ratio='1.7'  data-set_breadcrumb='1'  data-custom_markup=''  data-query_orderby='date'  data-query_order='DESC'  data-date_filter=''  data-date_filter_start=''  data-date_filter_end=''  data-date_filter_format='yy\/mm\/dd'  data-period_filter_unit_1=''  data-period_filter_unit_2=''  data-page_element_filter=''  data-avno='69bfe00316'>Mehr laden<\/a><\/div>\n","protected":false},"excerpt":{"rendered":"","protected":false},"author":1,"featured_media":0,"parent":3409,"menu_order":3,"comment_status":"open","ping_status":"open","template":"","meta":{"footnotes":""},"_links":{"self":[{"href":"http:\/\/www.isbe-archaeologie.at\/index.php?rest_route=\/wp\/v2\/pages\/3502"}],"collection":[{"href":"http:\/\/www.isbe-archaeologie.at\/index.php?rest_route=\/wp\/v2\/pages"}],"about":[{"href":"http:\/\/www.isbe-archaeologie.at\/index.php?rest_route=\/wp\/v2\/types\/page"}],"author":[{"embeddable":true,"href":"http:\/\/www.isbe-archaeologie.at\/index.php?rest_route=\/wp\/v2\/users\/1"}],"replies":[{"embeddable":true,"href":"http:\/\/www.isbe-archaeologie.at\/index.php?rest_route=%2Fwp%2Fv2%2Fcomments&post=3502"}],"version-history":[{"count":6,"href":"http:\/\/www.isbe-archaeologie.at\/index.php?rest_route=\/wp\/v2\/pages\/3502\/revisions"}],"predecessor-version":[{"id":3935,"href":"http:\/\/www.isbe-archaeologie.at\/index.php?rest_route=\/wp\/v2\/pages\/3502\/revisions\/3935"}],"up":[{"embeddable":true,"href":"http:\/\/www.isbe-archaeologie.at\/index.php?rest_route=\/wp\/v2\/pages\/3409"}],"wp:attachment":[{"href":"http:\/\/www.isbe-archaeologie.at\/index.php?rest_route=%2Fwp%2Fv2%2Fmedia&parent=3502"}],"curies":[{"name":"wp","href":"https:\/\/api.w.org\/{rel}","templated":true}]}}