{"id":3636,"date":"2015-02-05T10:51:01","date_gmt":"2015-02-05T10:51:01","guid":{"rendered":"http:\/\/www.isbe-archaeologie.at\/?page_id=3636"},"modified":"2015-02-12T18:47:06","modified_gmt":"2015-02-12T18:47:06","slug":"fuehrungen","status":"publish","type":"page","link":"http:\/\/www.isbe-archaeologie.at\/?page_id=3636","title":{"rendered":"F\u00fchrungen"},"content":{"rendered":"<section  class='av_textblock_section av-av_textblock-0366cc7376be6c9e82a3e9cc8987b64f '   itemscope=\"itemscope\" itemtype=\"https:\/\/schema.org\/CreativeWork\" ><div class='avia_textblock'  itemprop=\"text\" ><p style=\"text-align: justify;\">Das <span style=\"color: #940614;\"><em>Institut f\u00fcr s\u00fcdostalpine Bronze- und Eisenzeitforschung ISBE<\/em> <\/span>bietet im Rahmen von Ausgrabungen die M\u00f6glichkeit von F\u00fchrungen oder der Durchf\u00fchrung eines \u201eTages der offenen T\u00fcr\u201c um die interessierte \u00d6ffentlichkeit und\/oder die Auftraggeber \u00fcber die jeweiligen Projekte zu informieren.<\/p>\n<p>Besteht der Wunsch nach einer F\u00fchrung f\u00fcr eine gr\u00f6\u00dfere Gruppe, bitten wir um Vereinbarung eines gesonderten Termins unter:<\/p>\n<p><a href=\"mailto:office@isbe-archaeologie.at\" target=\"_blank\" rel=\"noopener\">office@isbe-archaeologie.at <\/a>oder <a href=\"tel:+4369912587560\">+43\/699\/12587560<\/a><\/p>\n<\/div><\/section>\n<div  class='avia-button-wrap av-av_button-6871af37989dfc074a18ff6cbbd844aa-wrap avia-button-left  avia-builder-el-1  el_after_av_textblock  el_before_av_button '><a href='http:\/\/www.isbe-archaeologie.at\/?page_id=3684'  class='avia-button av-av_button-6871af37989dfc074a18ff6cbbd844aa av-link-btn avia-icon_select-no avia-size-medium avia-position-left avia-color-theme-color'  ><span class='avia_iconbox_title' >Aktuelle Termine und Projekte<\/span><\/a><\/div>\n<div  class='avia-button-wrap av-av_button-1327f41eb8bb5a89f2c3a038b9d1283a-wrap avia-button-right  avia-builder-el-2  el_after_av_button  el_before_av_masonry_gallery  avia-builder-el-last '><a href='http:\/\/www.isbe-archaeologie.at\/?page_id=3523'  class='avia-button av-av_button-1327f41eb8bb5a89f2c3a038b9d1283a av-link-btn avia-icon_select-no avia-size-small avia-position-right avia-color-theme-color-subtle'  ><span class='avia_iconbox_title' >Zur\u00fcck<\/span><\/a><\/div>\n<div id='av-masonry-1' class='av-masonry av-av_masonry_gallery-df64f175e906c1d843658a7b0ed6c617 noHover av-fixed-size av-1px-gap av-hover-overlay- av-masonry-animation-active av-masonry-col-6 av-caption-on-hover av-caption-style- av-masonry-gallery ' data-post_id=\"3636\"><div class=\"av-masonry-container isotope av-js-disabled\"><div class='av-masonry-entry isotope-item av-masonry-item-no-image '><\/div><a href=\"http:\/\/www.isbe-archaeologie.at\/wp-content\/uploads\/2015\/02\/Ausgrabung-Tumulus-II.jpg\" data-srcset=\"http:\/\/www.isbe-archaeologie.at\/wp-content\/uploads\/2015\/02\/Ausgrabung-Tumulus-II.jpg 757w, http:\/\/www.isbe-archaeologie.at\/wp-content\/uploads\/2015\/02\/Ausgrabung-Tumulus-II-300x225.jpg 300w, http:\/\/www.isbe-archaeologie.at\/wp-content\/uploads\/2015\/02\/Ausgrabung-Tumulus-II-705x529.jpg 705w, http:\/\/www.isbe-archaeologie.at\/wp-content\/uploads\/2015\/02\/Ausgrabung-Tumulus-II-450x338.jpg 450w\" data-sizes=\"(max-width: 757px) 100vw, 757px\"  aria-label=\"Bild Ausgrabung Tumulus II\"  id='av-masonry-1-item-3642' data-av-masonry-item='3642' class='av-masonry-entry isotope-item post-3642 attachment type-attachment status-inherit hentry  av-masonry-item-with-image' title=\"Ausgrabung Tumulus II\" alt=\"\"    itemprop=\"thumbnailUrl\" ><div class='av-inner-masonry-sizer'><\/div><figure class='av-inner-masonry main_color'><div class=\"av-masonry-outerimage-container\"><div class='av-masonry-image-container' style=\"background-image: url(http:\/\/www.isbe-archaeologie.at\/wp-content\/uploads\/2015\/02\/Ausgrabung-Tumulus-II-705x529.jpg);\"  title=\"Ausgrabung Tumulus II\"  ><\/div><\/div><\/figure><\/a><!--end av-masonry entry--><a href=\"http:\/\/www.isbe-archaeologie.at\/wp-content\/uploads\/2015\/02\/Ausgrabung-Schlossberg-bei-St.-Lorenzen1-1030x686.jpg\" data-srcset=\"http:\/\/www.isbe-archaeologie.at\/wp-content\/uploads\/2015\/02\/Ausgrabung-Schlossberg-bei-St.-Lorenzen1-1030x686.jpg 1030w, http:\/\/www.isbe-archaeologie.at\/wp-content\/uploads\/2015\/02\/Ausgrabung-Schlossberg-bei-St.-Lorenzen1-300x200.jpg 300w, http:\/\/www.isbe-archaeologie.at\/wp-content\/uploads\/2015\/02\/Ausgrabung-Schlossberg-bei-St.-Lorenzen1-705x470.jpg 705w, http:\/\/www.isbe-archaeologie.at\/wp-content\/uploads\/2015\/02\/Ausgrabung-Schlossberg-bei-St.-Lorenzen1-450x300.jpg 450w, http:\/\/www.isbe-archaeologie.at\/wp-content\/uploads\/2015\/02\/Ausgrabung-Schlossberg-bei-St.-Lorenzen1.jpg 1181w\" data-sizes=\"(max-width: 1030px) 100vw, 1030px\"  aria-label=\"Bild Ausgrabung Schlossberg bei St. Lorenzen\"  id='av-masonry-1-item-3641' data-av-masonry-item='3641' class='av-masonry-entry isotope-item post-3641 attachment type-attachment status-inherit hentry  av-masonry-item-with-image' title=\"Ausgrabung Schlossberg bei St. Lorenzen\" alt=\"\"    itemprop=\"thumbnailUrl\" ><div class='av-inner-masonry-sizer'><\/div><figure class='av-inner-masonry main_color'><div class=\"av-masonry-outerimage-container\"><div class='av-masonry-image-container' style=\"background-image: url(http:\/\/www.isbe-archaeologie.at\/wp-content\/uploads\/2015\/02\/Ausgrabung-Schlossberg-bei-St.-Lorenzen1-705x470.jpg);\"  title=\"Ausgrabung Schlossberg bei St. Lorenzen\"  ><\/div><\/div><\/figure><\/a><!--end av-masonry entry--><a href=\"http:\/\/www.isbe-archaeologie.at\/wp-content\/uploads\/2015\/02\/Ausgrabung-Kultwagengrab-1030x690.jpg\" data-srcset=\"http:\/\/www.isbe-archaeologie.at\/wp-content\/uploads\/2015\/02\/Ausgrabung-Kultwagengrab-1030x690.jpg 1030w, http:\/\/www.isbe-archaeologie.at\/wp-content\/uploads\/2015\/02\/Ausgrabung-Kultwagengrab-300x201.jpg 300w, http:\/\/www.isbe-archaeologie.at\/wp-content\/uploads\/2015\/02\/Ausgrabung-Kultwagengrab-705x472.jpg 705w, http:\/\/www.isbe-archaeologie.at\/wp-content\/uploads\/2015\/02\/Ausgrabung-Kultwagengrab-450x301.jpg 450w, http:\/\/www.isbe-archaeologie.at\/wp-content\/uploads\/2015\/02\/Ausgrabung-Kultwagengrab.jpg 1181w\" data-sizes=\"(max-width: 1030px) 100vw, 1030px\"  aria-label=\"Bild Ausgrabung Kultwagengrab\"  id='av-masonry-1-item-3640' data-av-masonry-item='3640' class='av-masonry-entry isotope-item post-3640 attachment type-attachment status-inherit hentry  av-masonry-item-with-image' title=\"Ausgrabung Kultwagengrab\" alt=\"\"    itemprop=\"thumbnailUrl\" ><div class='av-inner-masonry-sizer'><\/div><figure class='av-inner-masonry main_color'><div class=\"av-masonry-outerimage-container\"><div class='av-masonry-image-container' style=\"background-image: url(http:\/\/www.isbe-archaeologie.at\/wp-content\/uploads\/2015\/02\/Ausgrabung-Kultwagengrab-705x472.jpg);\"  title=\"Ausgrabung Kultwagengrab\"  ><\/div><\/div><\/figure><\/a><!--end av-masonry entry--><a href=\"http:\/\/www.isbe-archaeologie.at\/wp-content\/uploads\/2015\/02\/Ausgrabung-Fuchskogel-2014-1030x686.jpg\" data-srcset=\"http:\/\/www.isbe-archaeologie.at\/wp-content\/uploads\/2015\/02\/Ausgrabung-Fuchskogel-2014-1030x686.jpg 1030w, http:\/\/www.isbe-archaeologie.at\/wp-content\/uploads\/2015\/02\/Ausgrabung-Fuchskogel-2014-300x200.jpg 300w, http:\/\/www.isbe-archaeologie.at\/wp-content\/uploads\/2015\/02\/Ausgrabung-Fuchskogel-2014-705x470.jpg 705w, http:\/\/www.isbe-archaeologie.at\/wp-content\/uploads\/2015\/02\/Ausgrabung-Fuchskogel-2014-450x300.jpg 450w, http:\/\/www.isbe-archaeologie.at\/wp-content\/uploads\/2015\/02\/Ausgrabung-Fuchskogel-2014.jpg 1181w\" data-sizes=\"(max-width: 1030px) 100vw, 1030px\"  aria-label=\"Bild Ausgrabung Fuchskogel 2014\"  id='av-masonry-1-item-3639' data-av-masonry-item='3639' class='av-masonry-entry isotope-item post-3639 attachment type-attachment status-inherit hentry  av-masonry-item-with-image' title=\"Ausgrabung Fuchskogel 2014\" alt=\"\"    itemprop=\"thumbnailUrl\" ><div class='av-inner-masonry-sizer'><\/div><figure class='av-inner-masonry main_color'><div class=\"av-masonry-outerimage-container\"><div class='av-masonry-image-container' style=\"background-image: url(http:\/\/www.isbe-archaeologie.at\/wp-content\/uploads\/2015\/02\/Ausgrabung-Fuchskogel-2014-705x470.jpg);\"  title=\"Ausgrabung Fuchskogel 2014\"  ><\/div><\/div><\/figure><\/a><!--end av-masonry entry--><a href=\"http:\/\/www.isbe-archaeologie.at\/wp-content\/uploads\/2015\/02\/Ausgrabung-Bleikolmh\u00fcgel-\u00d6GUF-Tagung-1030x686.jpg\" data-srcset=\"http:\/\/www.isbe-archaeologie.at\/wp-content\/uploads\/2015\/02\/Ausgrabung-Bleikolmh\u00fcgel-\u00d6GUF-Tagung-1030x686.jpg 1030w, http:\/\/www.isbe-archaeologie.at\/wp-content\/uploads\/2015\/02\/Ausgrabung-Bleikolmh\u00fcgel-\u00d6GUF-Tagung-300x200.jpg 300w, http:\/\/www.isbe-archaeologie.at\/wp-content\/uploads\/2015\/02\/Ausgrabung-Bleikolmh\u00fcgel-\u00d6GUF-Tagung-705x470.jpg 705w, http:\/\/www.isbe-archaeologie.at\/wp-content\/uploads\/2015\/02\/Ausgrabung-Bleikolmh\u00fcgel-\u00d6GUF-Tagung-450x300.jpg 450w, http:\/\/www.isbe-archaeologie.at\/wp-content\/uploads\/2015\/02\/Ausgrabung-Bleikolmh\u00fcgel-\u00d6GUF-Tagung.jpg 1181w\" data-sizes=\"(max-width: 1030px) 100vw, 1030px\"  aria-label=\"Bild Ausgrabung Bleikolmh\u00fcgel &#8211; \u00d6GUF Tagung\"  id='av-masonry-1-item-3638' data-av-masonry-item='3638' class='av-masonry-entry isotope-item post-3638 attachment type-attachment status-inherit hentry  av-masonry-item-with-image' title=\"Ausgrabung Bleikolmh\u00fcgel &#8211; \u00d6GUF Tagung\" alt=\"\"    itemprop=\"thumbnailUrl\" ><div class='av-inner-masonry-sizer'><\/div><figure class='av-inner-masonry main_color'><div class=\"av-masonry-outerimage-container\"><div class='av-masonry-image-container' style=\"background-image: url(http:\/\/www.isbe-archaeologie.at\/wp-content\/uploads\/2015\/02\/Ausgrabung-Bleikolmh\u00fcgel-\u00d6GUF-Tagung-705x470.jpg);\"  title=\"Ausgrabung Bleikolmh\u00fcgel &#8211; \u00d6GUF Tagung\"  ><\/div><\/div><\/figure><\/a><!--end av-masonry entry--><a href=\"http:\/\/www.isbe-archaeologie.at\/wp-content\/uploads\/2015\/02\/Ausgrabung-Bleikolmh\u00fcgel-Denkmaltag-1030x686.jpg\" data-srcset=\"http:\/\/www.isbe-archaeologie.at\/wp-content\/uploads\/2015\/02\/Ausgrabung-Bleikolmh\u00fcgel-Denkmaltag-1030x686.jpg 1030w, http:\/\/www.isbe-archaeologie.at\/wp-content\/uploads\/2015\/02\/Ausgrabung-Bleikolmh\u00fcgel-Denkmaltag-300x200.jpg 300w, http:\/\/www.isbe-archaeologie.at\/wp-content\/uploads\/2015\/02\/Ausgrabung-Bleikolmh\u00fcgel-Denkmaltag-705x470.jpg 705w, http:\/\/www.isbe-archaeologie.at\/wp-content\/uploads\/2015\/02\/Ausgrabung-Bleikolmh\u00fcgel-Denkmaltag-450x300.jpg 450w, http:\/\/www.isbe-archaeologie.at\/wp-content\/uploads\/2015\/02\/Ausgrabung-Bleikolmh\u00fcgel-Denkmaltag.jpg 1181w\" data-sizes=\"(max-width: 1030px) 100vw, 1030px\"  aria-label=\"Bild Ausgrabung Bleikolmh\u00fcgel &#8211; Denkmaltag\"  id='av-masonry-1-item-3637' data-av-masonry-item='3637' class='av-masonry-entry isotope-item post-3637 attachment type-attachment status-inherit hentry  av-masonry-item-with-image' title=\"Ausgrabung Bleikolmh\u00fcgel &#8211; Denkmaltag\" alt=\"\"    itemprop=\"thumbnailUrl\" ><div class='av-inner-masonry-sizer'><\/div><figure class='av-inner-masonry main_color'><div class=\"av-masonry-outerimage-container\"><div class='av-masonry-image-container' style=\"background-image: url(http:\/\/www.isbe-archaeologie.at\/wp-content\/uploads\/2015\/02\/Ausgrabung-Bleikolmh\u00fcgel-Denkmaltag-705x470.jpg);\"  title=\"Ausgrabung Bleikolmh\u00fcgel &#8211; Denkmaltag\"  ><\/div><\/div><\/figure><\/a><!--end av-masonry entry--><\/div><\/div>\n","protected":false},"excerpt":{"rendered":"","protected":false},"author":1,"featured_media":0,"parent":3523,"menu_order":0,"comment_status":"open","ping_status":"open","template":"","meta":{"footnotes":""},"_links":{"self":[{"href":"http:\/\/www.isbe-archaeologie.at\/index.php?rest_route=\/wp\/v2\/pages\/3636"}],"collection":[{"href":"http:\/\/www.isbe-archaeologie.at\/index.php?rest_route=\/wp\/v2\/pages"}],"about":[{"href":"http:\/\/www.isbe-archaeologie.at\/index.php?rest_route=\/wp\/v2\/types\/page"}],"author":[{"embeddable":true,"href":"http:\/\/www.isbe-archaeologie.at\/index.php?rest_route=\/wp\/v2\/users\/1"}],"replies":[{"embeddable":true,"href":"http:\/\/www.isbe-archaeologie.at\/index.php?rest_route=%2Fwp%2Fv2%2Fcomments&post=3636"}],"version-history":[{"count":15,"href":"http:\/\/www.isbe-archaeologie.at\/index.php?rest_route=\/wp\/v2\/pages\/3636\/revisions"}],"predecessor-version":[{"id":3892,"href":"http:\/\/www.isbe-archaeologie.at\/index.php?rest_route=\/wp\/v2\/pages\/3636\/revisions\/3892"}],"up":[{"embeddable":true,"href":"http:\/\/www.isbe-archaeologie.at\/index.php?rest_route=\/wp\/v2\/pages\/3523"}],"wp:attachment":[{"href":"http:\/\/www.isbe-archaeologie.at\/index.php?rest_route=%2Fwp%2Fv2%2Fmedia&parent=3636"}],"curies":[{"name":"wp","href":"https:\/\/api.w.org\/{rel}","templated":true}]}}