{"id":3858,"date":"2015-02-09T15:22:29","date_gmt":"2015-02-09T15:22:29","guid":{"rendered":"http:\/\/www.isbe-archaeologie.at\/?page_id=3858"},"modified":"2016-06-15T19:02:49","modified_gmt":"2016-06-15T19:02:49","slug":"alea-projekt","status":"publish","type":"page","link":"http:\/\/www.isbe-archaeologie.at\/?page_id=3858","title":{"rendered":"ALEA &#8211; Projekt"},"content":{"rendered":"<section  class='av_textblock_section av-av_textblock-0366cc7376be6c9e82a3e9cc8987b64f '   itemscope=\"itemscope\" itemtype=\"https:\/\/schema.org\/CreativeWork\" ><div class='avia_textblock'  itemprop=\"text\" ><h3 style=\"text-align: justify;\">ALEA &#8211; Archaeology &#8211; Landscape &#8211; Environment &#8211; Aichfeld\/Murtal<\/h3>\n<p style=\"text-align: justify;\">Das Aichfeld stellt nicht nur eines der gr\u00f6\u00dften inneralpinen Becken dar, sondern vor allem auch einen wichtigen Kreuzungspunkt von \u00fcberregional bedeutenden Verkehrswegen. Durch den Reichtum an landwirtschaftlicher Nutzfl\u00e4che, Wald bzw. Holz und Wasser sowie auch an Bodensch\u00e4tzen (Kupfer und Eisen) bietet das Aichfeld samt den einm\u00fcndenden T\u00e4lern \u00e4u\u00dferst siedlungsg\u00fcnstige Verh\u00e4ltnisse. Seit dem 5. Jahrtausend v. Chr. l\u00e4sst sich in diesem Bereich eine durchgehende Besiedlung nachweisen, die insbesondere in der \u00e4lteren Eisenzeit bzw. Hallstattzeit einen H\u00f6hepunkt erfuhr, als dessen bedeutendste Zeugen die prominenten \u201eF\u00fcrstengr\u00e4ber\u201c von Strettweg bei Judenburg gelten. Im Zuge des <strong>ALEA-Projektes<\/strong> soll die einstige Besiedlung dieses Raumes quer durch die Zeiten mithilfe der Auswertung von Luftbildern, LIDAR-Scans, Begehungen\/Surveys und Ausgrabungen m\u00f6glichst gro\u00dffl\u00e4chig erfasst sowie spezifische Entwicklungen und Ver\u00e4nderungen des Siedlungsbildes und der damit verbundenen wirtschaftlichen, politischen und kulturellen Strukturen nachgezeichnet werden. Hierbei stellt sich schlie\u00dflich die auch aus heutiger Sicht brisante Frage, inwieweit die intensive Ausbeutung vorhandener Ressourcen (z. B. Holz), gesellschaftspolitische Ver\u00e4nderungen wie etwa ein Wandel der Machtverh\u00e4ltnisse oder aber auch klimatische Schwankungen, Auswirkungen auf die Dichte und das Bild der Besiedlung zeigten.<\/p>\n<p style=\"text-align: justify;\">Bereits im Rahmen des <strong>ALEA-Projektes<\/strong> durchgef\u00fchrte Forschungen:<\/p>\n<ul>\n<li><a title=\"Siedlung Falkenberg\" href=\"http:\/\/www.isbe-archaeologie.at\/?page_id=3412\" target=\"_blank\">Hallstattzeitliche Siedlung am Falkenberg\u00a0bei Judenburg<\/a><\/li>\n<li><a title=\"Helmgrab Strettweg\" href=\"http:\/\/www.isbe-archaeologie.at\/?page_id=3457\" target=\"_blank\">Hallstattzeitliches &#8222;F\u00fcrstengrab&#8220; &#8211; Helmgrab &#8211; Tumulus II von Strettweg<\/a><\/li>\n<li><a title=\"Kultwagengrab Strettweg\" href=\"http:\/\/www.isbe-archaeologie.at\/?page_id=3445\" target=\"_blank\">Hallstattzeitliches &#8222;F\u00fcrstengrab&#8220; &#8211; Kultwagengrab &#8211; Tumulus I von Strettweg<\/a><\/li>\n<li><a title=\"Tumulus III Strettweg\" href=\"http:\/\/www.isbe-archaeologie.at\/?page_id=3468\" target=\"_blank\">Hallstattzeitliches &#8222;F\u00fcrstengrab&#8220; &#8211; Tumulus III von Strettweg<\/a><\/li>\n<li><a title=\"Bleikolmh\u00fcgel Waltersdorf\" href=\"http:\/\/www.isbe-archaeologie.at\/?page_id=3479\" target=\"_blank\">Hallstattzeitliches &#8222;F\u00fcrstengrab&#8220; &#8211; Bleikolmh\u00fcgel in Waltersdorf bei Judenburg<\/a><\/li>\n<li><a title=\"Schlossberg St. Lorenzen\" href=\"http:\/\/www.isbe-archaeologie.at\/?page_id=3502\" target=\"_blank\">Pr\u00e4historische Siedlung und mittelalterliche Burganlage am Schlossberg bei St. Lorenzen<\/a><\/li>\n<li><a title=\"Falkenberg Eisenverh\u00fcttung\" href=\"http:\/\/www.isbe-archaeologie.at\/?page_id=3646\" target=\"_blank\">Hallstattzeitliche Eisenverh\u00fcttung und lat\u00e8nezeitliche Siedlung am Falkenber<\/a>g<\/li>\n<li><a href=\"http:\/\/www.isbe-archaeologie.at\/?page_id=4149\" target=\"_blank\">Hallstattzeitliche und lat\u00e8nezeitliche Gr\u00e4bergruppe P\u00f6lsweg<\/a><\/li>\n<\/ul>\n<\/div><\/section>\n<div id='av-masonry-1' class='av-masonry av-av_masonry_gallery-11596b3e5100f2b601770f3ecb3297cf noHover av-fixed-size av-1px-gap av-hover-overlay- av-masonry-animation-active av-masonry-col-6 av-caption-always av-caption-style- av-masonry-gallery ' data-post_id=\"3858\"><div class=\"av-masonry-container isotope av-js-disabled\"><div class='av-masonry-entry isotope-item av-masonry-item-no-image '><\/div><a href=\"http:\/\/www.isbe-archaeologie.at\/wp-content\/uploads\/2015\/02\/Blick-von-Norden-auf-das-Aichfeld-1030x690.jpg\" data-srcset=\"http:\/\/www.isbe-archaeologie.at\/wp-content\/uploads\/2015\/02\/Blick-von-Norden-auf-das-Aichfeld-1030x690.jpg 1030w, http:\/\/www.isbe-archaeologie.at\/wp-content\/uploads\/2015\/02\/Blick-von-Norden-auf-das-Aichfeld-300x201.jpg 300w, http:\/\/www.isbe-archaeologie.at\/wp-content\/uploads\/2015\/02\/Blick-von-Norden-auf-das-Aichfeld-705x472.jpg 705w, http:\/\/www.isbe-archaeologie.at\/wp-content\/uploads\/2015\/02\/Blick-von-Norden-auf-das-Aichfeld-450x301.jpg 450w, http:\/\/www.isbe-archaeologie.at\/wp-content\/uploads\/2015\/02\/Blick-von-Norden-auf-das-Aichfeld.jpg 1181w\" data-sizes=\"(max-width: 1030px) 100vw, 1030px\"  aria-label=\"Bild Blick von Norden auf das Aichfeld\"  id='av-masonry-1-item-3573' data-av-masonry-item='3573' class='av-masonry-entry isotope-item post-3573 attachment type-attachment status-inherit hentry  av-masonry-item-with-image' title=\"Blick von Norden auf das Aichfeld\" alt=\"\"    itemprop=\"thumbnailUrl\" ><div class='av-inner-masonry-sizer'><\/div><figure class='av-inner-masonry main_color'><div class=\"av-masonry-outerimage-container\"><div class='av-masonry-image-container' style=\"background-image: url(http:\/\/www.isbe-archaeologie.at\/wp-content\/uploads\/2015\/02\/Blick-von-Norden-auf-das-Aichfeld-705x472.jpg);\"  title=\"Blick von Norden auf das Aichfeld\"  ><\/div><\/div><\/figure><\/a><!--end av-masonry entry--><a href=\"http:\/\/www.isbe-archaeologie.at\/wp-content\/uploads\/2015\/02\/Balkengr\u00e4bchen-und-Pfostenl\u00f6cher-von-hallstattzeitlichen-Geb\u00e4uden-782x1030.jpg\" data-srcset=\"http:\/\/www.isbe-archaeologie.at\/wp-content\/uploads\/2015\/02\/Balkengr\u00e4bchen-und-Pfostenl\u00f6cher-von-hallstattzeitlichen-Geb\u00e4uden-782x1030.jpg 782w, http:\/\/www.isbe-archaeologie.at\/wp-content\/uploads\/2015\/02\/Balkengr\u00e4bchen-und-Pfostenl\u00f6cher-von-hallstattzeitlichen-Geb\u00e4uden-228x300.jpg 228w, http:\/\/www.isbe-archaeologie.at\/wp-content\/uploads\/2015\/02\/Balkengr\u00e4bchen-und-Pfostenl\u00f6cher-von-hallstattzeitlichen-Geb\u00e4uden-1138x1500.jpg 1138w, http:\/\/www.isbe-archaeologie.at\/wp-content\/uploads\/2015\/02\/Balkengr\u00e4bchen-und-Pfostenl\u00f6cher-von-hallstattzeitlichen-Geb\u00e4uden-535x705.jpg 535w, http:\/\/www.isbe-archaeologie.at\/wp-content\/uploads\/2015\/02\/Balkengr\u00e4bchen-und-Pfostenl\u00f6cher-von-hallstattzeitlichen-Geb\u00e4uden-450x593.jpg 450w, http:\/\/www.isbe-archaeologie.at\/wp-content\/uploads\/2015\/02\/Balkengr\u00e4bchen-und-Pfostenl\u00f6cher-von-hallstattzeitlichen-Geb\u00e4uden.jpg 1181w\" data-sizes=\"(max-width: 782px) 100vw, 782px\"  aria-label=\"Bild Balkengr\u00e4bchen und Pfostenl\u00f6cher von hallstattzeitlichen Geb\u00e4uden\"  id='av-masonry-1-item-3509' data-av-masonry-item='3509' class='av-masonry-entry isotope-item post-3509 attachment type-attachment status-inherit hentry  av-masonry-item-with-image' title=\"Balkengr\u00e4bchen und Pfostenl\u00f6cher von hallstattzeitlichen Geb\u00e4uden\" alt=\"\"    itemprop=\"thumbnailUrl\" ><div class='av-inner-masonry-sizer'><\/div><figure class='av-inner-masonry main_color'><div class=\"av-masonry-outerimage-container\"><div class='av-masonry-image-container' style=\"background-image: url(http:\/\/www.isbe-archaeologie.at\/wp-content\/uploads\/2015\/02\/Balkengr\u00e4bchen-und-Pfostenl\u00f6cher-von-hallstattzeitlichen-Geb\u00e4uden-535x705.jpg);\"  title=\"Balkengr\u00e4bchen und Pfostenl\u00f6cher von hallstattzeitlichen Geb\u00e4uden\"  ><\/div><\/div><\/figure><\/a><!--end av-masonry entry--><a href=\"http:\/\/www.isbe-archaeologie.at\/wp-content\/uploads\/2015\/02\/fertig-ausgegrabene-hallstattzeitliche-Grabkammer-\u00dcberblick.jpg\" data-srcset=\"http:\/\/www.isbe-archaeologie.at\/wp-content\/uploads\/2015\/02\/fertig-ausgegrabene-hallstattzeitliche-Grabkammer-\u00dcberblick.jpg 787w, http:\/\/www.isbe-archaeologie.at\/wp-content\/uploads\/2015\/02\/fertig-ausgegrabene-hallstattzeitliche-Grabkammer-\u00dcberblick-300x200.jpg 300w, http:\/\/www.isbe-archaeologie.at\/wp-content\/uploads\/2015\/02\/fertig-ausgegrabene-hallstattzeitliche-Grabkammer-\u00dcberblick-705x470.jpg 705w, http:\/\/www.isbe-archaeologie.at\/wp-content\/uploads\/2015\/02\/fertig-ausgegrabene-hallstattzeitliche-Grabkammer-\u00dcberblick-450x300.jpg 450w\" data-sizes=\"(max-width: 787px) 100vw, 787px\"  aria-label=\"Bild fertig ausgegrabene hallstattzeitliche Grabkammer &#8211; \u00dcberblick\"  id='av-masonry-1-item-3491' data-av-masonry-item='3491' class='av-masonry-entry isotope-item post-3491 attachment type-attachment status-inherit hentry  av-masonry-item-with-image' title=\"fertig ausgegrabene hallstattzeitliche Grabkammer &#8211; \u00dcberblick\" alt=\"\"    itemprop=\"thumbnailUrl\" ><div class='av-inner-masonry-sizer'><\/div><figure class='av-inner-masonry main_color'><div class=\"av-masonry-outerimage-container\"><div class='av-masonry-image-container' style=\"background-image: url(http:\/\/www.isbe-archaeologie.at\/wp-content\/uploads\/2015\/02\/fertig-ausgegrabene-hallstattzeitliche-Grabkammer-\u00dcberblick-705x470.jpg);\"  title=\"fertig ausgegrabene hallstattzeitliche Grabkammer &#8211; \u00dcberblick\"  ><\/div><\/div><\/figure><\/a><!--end av-masonry entry--><a href=\"http:\/\/www.isbe-archaeologie.at\/wp-content\/uploads\/2015\/02\/Grabkammer-mit-Zugangskorridor1.jpg\" data-srcset=\"http:\/\/www.isbe-archaeologie.at\/wp-content\/uploads\/2015\/02\/Grabkammer-mit-Zugangskorridor1.jpg 787w, http:\/\/www.isbe-archaeologie.at\/wp-content\/uploads\/2015\/02\/Grabkammer-mit-Zugangskorridor1-300x201.jpg 300w, http:\/\/www.isbe-archaeologie.at\/wp-content\/uploads\/2015\/02\/Grabkammer-mit-Zugangskorridor1-705x472.jpg 705w, http:\/\/www.isbe-archaeologie.at\/wp-content\/uploads\/2015\/02\/Grabkammer-mit-Zugangskorridor1-450x301.jpg 450w\" data-sizes=\"(max-width: 787px) 100vw, 787px\"  aria-label=\"Bild Grabkammer mit Zugangskorridor\"  id='av-masonry-1-item-3461' data-av-masonry-item='3461' class='av-masonry-entry isotope-item post-3461 attachment type-attachment status-inherit hentry  av-masonry-item-with-image' title=\"Grabkammer mit Zugangskorridor\" alt=\"\"    itemprop=\"thumbnailUrl\" ><div class='av-inner-masonry-sizer'><\/div><figure class='av-inner-masonry main_color'><div class=\"av-masonry-outerimage-container\"><div class='av-masonry-image-container' style=\"background-image: url(http:\/\/www.isbe-archaeologie.at\/wp-content\/uploads\/2015\/02\/Grabkammer-mit-Zugangskorridor1-705x472.jpg);\"  title=\"Grabkammer mit Zugangskorridor\"  ><\/div><\/div><\/figure><\/a><!--end av-masonry entry--><a href=\"http:\/\/www.isbe-archaeologie.at\/wp-content\/uploads\/2015\/02\/der-Falkenberg-vom-Stadtturm-in-Judenburg-aus-gesehen-1030x690.jpg\" data-srcset=\"http:\/\/www.isbe-archaeologie.at\/wp-content\/uploads\/2015\/02\/der-Falkenberg-vom-Stadtturm-in-Judenburg-aus-gesehen-1030x690.jpg 1030w, http:\/\/www.isbe-archaeologie.at\/wp-content\/uploads\/2015\/02\/der-Falkenberg-vom-Stadtturm-in-Judenburg-aus-gesehen-300x201.jpg 300w, http:\/\/www.isbe-archaeologie.at\/wp-content\/uploads\/2015\/02\/der-Falkenberg-vom-Stadtturm-in-Judenburg-aus-gesehen-705x472.jpg 705w, http:\/\/www.isbe-archaeologie.at\/wp-content\/uploads\/2015\/02\/der-Falkenberg-vom-Stadtturm-in-Judenburg-aus-gesehen-450x301.jpg 450w, http:\/\/www.isbe-archaeologie.at\/wp-content\/uploads\/2015\/02\/der-Falkenberg-vom-Stadtturm-in-Judenburg-aus-gesehen.jpg 1181w\" data-sizes=\"(max-width: 1030px) 100vw, 1030px\"  aria-label=\"Bild der Falkenberg vom Stadtturm in Judenburg aus gesehen\"  id='av-masonry-1-item-3416' data-av-masonry-item='3416' class='av-masonry-entry isotope-item post-3416 attachment type-attachment status-inherit hentry  av-masonry-item-with-image' title=\"der Falkenberg vom Stadtturm in Judenburg aus gesehen\" alt=\"\"    itemprop=\"thumbnailUrl\" ><div class='av-inner-masonry-sizer'><\/div><figure class='av-inner-masonry main_color'><div class=\"av-masonry-outerimage-container\"><div class='av-masonry-image-container' style=\"background-image: url(http:\/\/www.isbe-archaeologie.at\/wp-content\/uploads\/2015\/02\/der-Falkenberg-vom-Stadtturm-in-Judenburg-aus-gesehen-705x472.jpg);\"  title=\"der Falkenberg vom Stadtturm in Judenburg aus gesehen\"  ><\/div><\/div><\/figure><\/a><!--end av-masonry entry--><a href=\"http:\/\/www.isbe-archaeologie.at\/wp-content\/uploads\/2015\/02\/Blick-vom-Falkenberg-Richtung-Fohnsdorf-1030x685.jpg\" data-srcset=\"http:\/\/www.isbe-archaeologie.at\/wp-content\/uploads\/2015\/02\/Blick-vom-Falkenberg-Richtung-Fohnsdorf-1030x685.jpg 1030w, http:\/\/www.isbe-archaeologie.at\/wp-content\/uploads\/2015\/02\/Blick-vom-Falkenberg-Richtung-Fohnsdorf-300x199.jpg 300w, http:\/\/www.isbe-archaeologie.at\/wp-content\/uploads\/2015\/02\/Blick-vom-Falkenberg-Richtung-Fohnsdorf-705x469.jpg 705w, http:\/\/www.isbe-archaeologie.at\/wp-content\/uploads\/2015\/02\/Blick-vom-Falkenberg-Richtung-Fohnsdorf-450x299.jpg 450w, http:\/\/www.isbe-archaeologie.at\/wp-content\/uploads\/2015\/02\/Blick-vom-Falkenberg-Richtung-Fohnsdorf.jpg 1181w\" data-sizes=\"(max-width: 1030px) 100vw, 1030px\"  aria-label=\"Bild Blick vom Falkenberg Richtung Fohnsdorf\"  id='av-masonry-1-item-3415' data-av-masonry-item='3415' class='av-masonry-entry isotope-item post-3415 attachment type-attachment status-inherit hentry  av-masonry-item-with-image' title=\"Blick vom Falkenberg Richtung Fohnsdorf\" alt=\"\"    itemprop=\"thumbnailUrl\" ><div class='av-inner-masonry-sizer'><\/div><figure class='av-inner-masonry main_color'><div class=\"av-masonry-outerimage-container\"><div class='av-masonry-image-container' style=\"background-image: url(http:\/\/www.isbe-archaeologie.at\/wp-content\/uploads\/2015\/02\/Blick-vom-Falkenberg-Richtung-Fohnsdorf-705x469.jpg);\"  title=\"Blick vom Falkenberg Richtung Fohnsdorf\"  ><\/div><\/div><\/figure><\/a><!--end av-masonry entry--><\/div><a class='av-masonry-pagination av-masonry-load-more' href='#load-more'  data-ids='3573,3509,3491,3461,3416,3415,3454,3459,3494,3492,3484,3506,3524,3529,3572'  data-caption_elements='none'  data-caption_styling=''  data-caption_display='always'  data-img_copyright=''  data-size='fixed'  data-orientation=''  data-image_size='masonry'  data-gap='1px'  data-columns='6'  data-av-desktop-columns=''  data-av-medium-columns=''  data-av-small-columns=''  data-av-mini-columns=''  data-items='6'  data-paginate='load_more'  data-color=''  data-custom_bg=''  data-img_copyright_font=''  data-av-desktop-font-img_copyright_font=''  data-av-medium-font-img_copyright_font=''  data-av-small-font-img_copyright_font=''  data-av-mini-font-img_copyright_font=''  data-img_copyright_color=''  data-img_copyright_bg=''  data-animation='active'  data-animation_duration=''  data-animation_custom_bg_color=''  data-animation_custom_bg_color_multi_list=''  data-animation_z_index_curtain='100'  data-overlay_fx=''  data-container_links='active'  data-link_dest=''  data-lightbox_text=''  data-img_scrset=''  data-lazy_loading='disabled'  data-av-desktop-hide=''  data-av-medium-hide=''  data-av-small-hide=''  data-av-mini-hide=''  data-alb_description=''  data-id=''  data-custom_class=''  data-template_class=''  data-av_uid=''  data-sc_version='1.0'  data-action=''  data-link='category'  data-post_type='post, page, attachment, revision, nav_menu_item, custom_css, customize_changeset, oembed_cache, user_request, wp_block, wp_template, wp_template_part, wp_global_styles, wp_navigation, wp_font_family, wp_font_face, portfolio, avia_framework_post'  data-term_rel='IN'  data-offset='0'  data-container_class='av-masonry-gallery'  data-wc_prod_visible=''  data-wc_prod_hidden=''  data-wc_prod_featured=''  data-prod_order_by=''  data-prod_order=''  data-sort='no'  data-auto_ratio='1.7'  data-set_breadcrumb='1'  data-custom_markup=''  data-query_orderby='date'  data-query_order='DESC'  data-date_filter=''  data-date_filter_start=''  data-date_filter_end=''  data-date_filter_format='yy\/mm\/dd'  data-period_filter_unit_1=''  data-period_filter_unit_2=''  data-page_element_filter=''  data-avno='69bfe00316'>Mehr laden<\/a><\/div>\n","protected":false},"excerpt":{"rendered":"","protected":false},"author":1,"featured_media":0,"parent":3409,"menu_order":0,"comment_status":"open","ping_status":"open","template":"","meta":{"footnotes":""},"_links":{"self":[{"href":"http:\/\/www.isbe-archaeologie.at\/index.php?rest_route=\/wp\/v2\/pages\/3858"}],"collection":[{"href":"http:\/\/www.isbe-archaeologie.at\/index.php?rest_route=\/wp\/v2\/pages"}],"about":[{"href":"http:\/\/www.isbe-archaeologie.at\/index.php?rest_route=\/wp\/v2\/types\/page"}],"author":[{"embeddable":true,"href":"http:\/\/www.isbe-archaeologie.at\/index.php?rest_route=\/wp\/v2\/users\/1"}],"replies":[{"embeddable":true,"href":"http:\/\/www.isbe-archaeologie.at\/index.php?rest_route=%2Fwp%2Fv2%2Fcomments&post=3858"}],"version-history":[{"count":5,"href":"http:\/\/www.isbe-archaeologie.at\/index.php?rest_route=\/wp\/v2\/pages\/3858\/revisions"}],"predecessor-version":[{"id":4177,"href":"http:\/\/www.isbe-archaeologie.at\/index.php?rest_route=\/wp\/v2\/pages\/3858\/revisions\/4177"}],"up":[{"embeddable":true,"href":"http:\/\/www.isbe-archaeologie.at\/index.php?rest_route=\/wp\/v2\/pages\/3409"}],"wp:attachment":[{"href":"http:\/\/www.isbe-archaeologie.at\/index.php?rest_route=%2Fwp%2Fv2%2Fmedia&parent=3858"}],"curies":[{"name":"wp","href":"https:\/\/api.w.org\/{rel}","templated":true}]}}