{"id":4388,"date":"2018-02-02T17:54:57","date_gmt":"2018-02-02T17:54:57","guid":{"rendered":"http:\/\/www.isbe-archaeologie.at\/?page_id=4388"},"modified":"2018-02-04T16:26:43","modified_gmt":"2018-02-04T16:26:43","slug":"prospektionen-glemmtal-2017-urgeschichtliches-bergbaurevier-von-viehhofen","status":"publish","type":"page","link":"http:\/\/www.isbe-archaeologie.at\/?page_id=4388","title":{"rendered":"Prospektionen Glemmtal 2017 &#8211; Urgeschichtliches Bergbaurevier von Viehhofen"},"content":{"rendered":"\n<style type=\"text\/css\" data-created_by=\"avia_inline_auto\" id=\"style-css-av-av_two_third-6126cab7d8fab8d08143dd2dacdf673c\">\n.flex_column.av-av_two_third-6126cab7d8fab8d08143dd2dacdf673c{\nborder-radius:0px 0px 0px 0px;\npadding:0px 0px 0px 0px;\n}\n<\/style>\n<div  class='flex_column av-av_two_third-6126cab7d8fab8d08143dd2dacdf673c av_two_third  avia-builder-el-0  el_before_av_one_third  avia-builder-el-first  first flex_column_div av-zero-column-padding  '     ><p><section  class='av_textblock_section av-av_textblock-0366cc7376be6c9e82a3e9cc8987b64f '   itemscope=\"itemscope\" itemtype=\"https:\/\/schema.org\/CreativeWork\" ><div class='avia_textblock'  itemprop=\"text\" ><p><strong>Prospektionen Glemmtal 2017 &#8211; Urgeschichtliches Bergbaurevier von Viehhofen<\/strong><\/p>\n<p style=\"text-align: justify;\">Wie im Vorjahr kam es auch im Sommer 2017 wieder zu arch\u00e4ologischen Untersuchungen im urgeschichtlichen Montanrevier von Viehhofen (Bez. Zell am See\/Salzburg). Die auf Initiative des <span style=\"color: #940600;\"><em>Instituts f\u00fcr s\u00fcdostalpine Bronze- und Eisenzeitforschung ISBE<\/em><\/span> durchgef\u00fchrten Arbeiten hatten die Verortung und Kartierung bereits bekannter, aber auch neuer Fundstellen zum Ziel.<\/p>\n<p style=\"text-align: justify;\">Durchgef\u00fchrt wurden die mehrw\u00f6chigen Gel\u00e4ndearbeiten von Manuel Scherer-Windisch und Daniel Brandner vom Forschungszentrum <em><a href=\"https:\/\/www.uibk.ac.at\/himat\/\" target=\"_blank\" rel=\"noopener\">HiMAT (History of\u00a0Mining\u00a0Activities in\u00a0Tyrol and adjacent areas \u2013 impact on environment and human societies)<\/a><\/em> der Universit\u00e4t Innsbruck. Dabei konnten, die bereits aus der Vergangenheit bekannten Lokalit\u00e4ten (Pittioni\/Preuschen 1955; 1956) um weitere erg\u00e4nzt werden. Diese neuen Fundstellen zeigen dieselben Charakteristika und k\u00f6nnen ebenfalls als pr\u00e4historische Schmelzpl\u00e4tze angesprochen werden. Das Fundspektrum reicht von Keramik \u00fcber Steinger\u00e4te zur Aufbereitung des Erzes bis hin zu unterschiedlichen Schlacken, den Abfallprodukten bei der Kupfererzverh\u00fcttung.<\/p>\n<p style=\"text-align: justify;\">Durch die Erfassung der fl\u00e4chenm\u00e4\u00dfigen Ausdehnung der pr\u00e4historischen Montant\u00e4tigkeiten erkennt man, dass es sich um ein weiteres gro\u00dfes pr\u00e4historisches Bergbaurevier inmitten der Ostalpen, zwischen den intensiv untersuchten Revieren im Kitzb\u00fchler Raum und dem Salzburger Mitterberg handelt. Dennoch zeigt sich bisher nur ein kleiner Ausschnitt dieser urgeschichtlichen Nutzung, weitere Arbeiten sind n\u00f6tig, um das ganze Ausma\u00df zu erfassen. Eine Kampagne f\u00fcr 2018 ist bereits in Planung, diese soll erneut montanarch\u00e4ologische Prospektionen, aber auch geomagnetische Messungen beinhalten.<\/p>\n<\/div><\/section><br \/>\n<div  class='avia-video av-av_video-41f2974eda355972c259ddf3ec74cb74 avia-video-16-9 av-no-preview-image avia-video-load-always av-lazyload-immediate av-lazyload-video-embed'  itemprop=\"video\" itemtype=\"https:\/\/schema.org\/VideoObject\"  data-original_url='https:\/\/sketchfab.com\/models\/4a88ea8d65234c50a1c8323c5b9dfd2d'><script type='text\/html' class='av-video-tmpl'><div class='avia-iframe-wrap'><iframe class=\"wp-embedded-content\" sandbox=\"allow-scripts\" security=\"restricted\" width=\"1500\" height=\"843\" src=\"https:\/\/sketchfab.com\/models\/4a88ea8d65234c50a1c8323c5b9dfd2d\/embed?#?secret=MEr2LzNiag\" data-secret=\"MEr2LzNiag\" frameborder=\"0\"><\/iframe><\/div><\/script><div class='av-click-to-play-overlay'><div class=\"avia_playpause_icon\"><\/div><\/div><\/div><\/p><\/div>\n\n<style type=\"text\/css\" data-created_by=\"avia_inline_auto\" id=\"style-css-av-av_one_third-0aa7055fe62c3622faec82866afbaeb2\">\n.flex_column.av-av_one_third-0aa7055fe62c3622faec82866afbaeb2{\nborder-radius:0px 0px 0px 0px;\npadding:0px 0px 0px 0px;\n}\n<\/style>\n<div  class='flex_column av-av_one_third-0aa7055fe62c3622faec82866afbaeb2 av_one_third  avia-builder-el-3  el_after_av_two_third  avia-builder-el-last  flex_column_div av-zero-column-padding  '     ><p><div  class='avia-slideshow av-av_slideshow-41f2ff1dacba3b11ae43f80f4dec16e0 avia-slideshow-masonry av_slideshow avia-slide-slider  avia-builder-el-4  el_before_av_content_slider  avia-builder-el-first  av-slideshow-ui av-control-minimal av-slideshow-autoplay av-loop-endless av-loop-manual-endless av-default-height-applied avia-slideshow-1' data-slideshow-options=\"{&quot;animation&quot;:&quot;slide&quot;,&quot;autoplay&quot;:true,&quot;loop_autoplay&quot;:&quot;endless&quot;,&quot;interval&quot;:5,&quot;loop_manual&quot;:&quot;manual-endless&quot;,&quot;autoplay_stopper&quot;:false,&quot;noNavigation&quot;:false,&quot;bg_slider&quot;:false,&quot;keep_padding&quot;:false,&quot;hoverpause&quot;:false,&quot;show_slide_delay&quot;:0}\"  itemprop=\"image\" itemscope=\"itemscope\" itemtype=\"https:\/\/schema.org\/ImageObject\" ><ul class='avia-slideshow-inner ' style='padding-bottom: 66.159052453469%;'><li  class='avia-slideshow-slide av-av_slideshow-41f2ff1dacba3b11ae43f80f4dec16e0__0  slide-1 slide-odd'><div data-rel='slideshow-1' class='avia-slide-wrap '   ><img decoding=\"async\" fetchpriority=\"high\" class=\"wp-image-4411 avia-img-lazy-loading-not-4411\"  src=\"http:\/\/www.isbe-archaeologie.at\/wp-content\/uploads\/2018\/02\/Versturzpinge_NZ_Bergbaurevier_Ebenmais_Foto_M_Scherer_Windisch.jpg\" width=\"591\" height=\"391\" title='Versturzpinge_NZ_Bergbaurevier_Ebenmais_Foto_M_Scherer_Windisch' alt=''  itemprop=\"thumbnailUrl\" srcset=\"http:\/\/www.isbe-archaeologie.at\/wp-content\/uploads\/2018\/02\/Versturzpinge_NZ_Bergbaurevier_Ebenmais_Foto_M_Scherer_Windisch.jpg 591w, http:\/\/www.isbe-archaeologie.at\/wp-content\/uploads\/2018\/02\/Versturzpinge_NZ_Bergbaurevier_Ebenmais_Foto_M_Scherer_Windisch-300x198.jpg 300w, http:\/\/www.isbe-archaeologie.at\/wp-content\/uploads\/2018\/02\/Versturzpinge_NZ_Bergbaurevier_Ebenmais_Foto_M_Scherer_Windisch-450x298.jpg 450w\" sizes=\"(max-width: 591px) 100vw, 591px\" \/><\/div><\/li><li  class='avia-slideshow-slide av-av_slideshow-41f2ff1dacba3b11ae43f80f4dec16e0__1  slide-2 slide-even'><div data-rel='slideshow-1' class='avia-slide-wrap '   ><img decoding=\"async\" fetchpriority=\"high\" class=\"wp-image-4408 avia-img-lazy-loading-not-4408\"  src=\"http:\/\/www.isbe-archaeologie.at\/wp-content\/uploads\/2018\/02\/Aufgeschlossene_Schlackenhalde_Zeigerpflanzen_Silene-rupestris_Foto_D_Brandner.jpg\" width=\"391\" height=\"591\" title='Aufgeschlossene_Schlackenhalde_Zeigerpflanzen_Silene rupestris_Foto_D_Brandner' alt=''  itemprop=\"thumbnailUrl\" srcset=\"http:\/\/www.isbe-archaeologie.at\/wp-content\/uploads\/2018\/02\/Aufgeschlossene_Schlackenhalde_Zeigerpflanzen_Silene-rupestris_Foto_D_Brandner.jpg 391w, http:\/\/www.isbe-archaeologie.at\/wp-content\/uploads\/2018\/02\/Aufgeschlossene_Schlackenhalde_Zeigerpflanzen_Silene-rupestris_Foto_D_Brandner-198x300.jpg 198w\" sizes=\"(max-width: 391px) 100vw, 391px\" \/><\/div><\/li><li  class='avia-slideshow-slide av-av_slideshow-41f2ff1dacba3b11ae43f80f4dec16e0__2  slide-3 slide-odd'><div data-rel='slideshow-1' class='avia-slide-wrap '   ><img decoding=\"async\" fetchpriority=\"high\" class=\"wp-image-4407 avia-img-lazy-loading-not-4407\"  src=\"http:\/\/www.isbe-archaeologie.at\/wp-content\/uploads\/2018\/02\/Aufgeschlossene_Schlackenhalde_des_Schmelzplatzes_Foto_D_Brandner.jpg\" width=\"591\" height=\"256\" title='Aufgeschlossene_Schlackenhalde_des_Schmelzplatzes_Foto_D_Brandner' alt=''  itemprop=\"thumbnailUrl\" srcset=\"http:\/\/www.isbe-archaeologie.at\/wp-content\/uploads\/2018\/02\/Aufgeschlossene_Schlackenhalde_des_Schmelzplatzes_Foto_D_Brandner.jpg 591w, http:\/\/www.isbe-archaeologie.at\/wp-content\/uploads\/2018\/02\/Aufgeschlossene_Schlackenhalde_des_Schmelzplatzes_Foto_D_Brandner-300x130.jpg 300w, http:\/\/www.isbe-archaeologie.at\/wp-content\/uploads\/2018\/02\/Aufgeschlossene_Schlackenhalde_des_Schmelzplatzes_Foto_D_Brandner-450x195.jpg 450w\" sizes=\"(max-width: 591px) 100vw, 591px\" \/><\/div><\/li><li  class='avia-slideshow-slide av-av_slideshow-41f2ff1dacba3b11ae43f80f4dec16e0__3  slide-4 slide-even'><div data-rel='slideshow-1' class='avia-slide-wrap '   ><img decoding=\"async\" fetchpriority=\"high\" class=\"wp-image-4410 avia-img-lazy-loading-not-4410\"  src=\"http:\/\/www.isbe-archaeologie.at\/wp-content\/uploads\/2018\/02\/Schlacken_und_feuerger\u00f6tete_Ofensteine_Foto_D_Brandner.jpg\" width=\"591\" height=\"391\" title='Schlacken_und_feuerger\u00f6tete_Ofensteine_Foto_D_Brandner' alt=''  itemprop=\"thumbnailUrl\" srcset=\"http:\/\/www.isbe-archaeologie.at\/wp-content\/uploads\/2018\/02\/Schlacken_und_feuerger\u00f6tete_Ofensteine_Foto_D_Brandner.jpg 591w, http:\/\/www.isbe-archaeologie.at\/wp-content\/uploads\/2018\/02\/Schlacken_und_feuerger\u00f6tete_Ofensteine_Foto_D_Brandner-300x198.jpg 300w, http:\/\/www.isbe-archaeologie.at\/wp-content\/uploads\/2018\/02\/Schlacken_und_feuerger\u00f6tete_Ofensteine_Foto_D_Brandner-450x298.jpg 450w\" sizes=\"(max-width: 591px) 100vw, 591px\" \/><\/div><\/li><li  class='avia-slideshow-slide av-av_slideshow-41f2ff1dacba3b11ae43f80f4dec16e0__4  slide-5 slide-odd'><div data-rel='slideshow-1' class='avia-slide-wrap '   ><img decoding=\"async\" fetchpriority=\"high\" class=\"wp-image-4409 avia-img-lazy-loading-not-4409\"  src=\"http:\/\/www.isbe-archaeologie.at\/wp-content\/uploads\/2018\/02\/Fund_einer_Reibplatte_Foto_D_Brandner.jpg\" width=\"591\" height=\"391\" title='Fund_einer_Reibplatte_Foto_D_Brandner' alt=''  itemprop=\"thumbnailUrl\" srcset=\"http:\/\/www.isbe-archaeologie.at\/wp-content\/uploads\/2018\/02\/Fund_einer_Reibplatte_Foto_D_Brandner.jpg 591w, http:\/\/www.isbe-archaeologie.at\/wp-content\/uploads\/2018\/02\/Fund_einer_Reibplatte_Foto_D_Brandner-300x198.jpg 300w, http:\/\/www.isbe-archaeologie.at\/wp-content\/uploads\/2018\/02\/Fund_einer_Reibplatte_Foto_D_Brandner-450x298.jpg 450w\" sizes=\"(max-width: 591px) 100vw, 591px\" \/><\/div><\/li><\/ul><div class='avia-slideshow-arrows avia-slideshow-controls' ><a href='#prev' class='prev-slide ' aria-hidden='true' data-av_icon='\ue87c' data-av_iconfont='entypo-fontello'  tabindex='-1'>Zur\u00fcck<\/a><a href='#next' class='next-slide ' aria-hidden='true' data-av_icon='\ue87d' data-av_iconfont='entypo-fontello'  tabindex='-1'>Weiter<\/a><\/div><div class='avia-slideshow-dots avia-slideshow-controls'><a href='#1' class='goto-slide active' >1<\/a><a href='#2' class='goto-slide ' >2<\/a><a href='#3' class='goto-slide ' >3<\/a><a href='#4' class='goto-slide ' >4<\/a><a href='#5' class='goto-slide ' >5<\/a><\/div><\/div><br \/>\n<div  class='avia-content-slider-element-container av-av_content_slider-2ed4eb0a10f2db948dd07b10718ebc73 avia-content-slider-element-slider avia-content-slider avia-smallarrow-slider avia-content-slider-active avia-content-slider-odd  avia-builder-el-5  el_after_av_slideshow  avia-builder-el-last  av-slideshow-ui av-control-hidden av-nav-arrows-visible av-nav-dots-visible av-no-slider-navigation av-hide-nav-arrows av-slideshow-autoplay av-loop-endless av-loop-manual-endless avia-content-slider1' data-slideshow-options=\"{&quot;animation&quot;:&quot;slide&quot;,&quot;autoplay&quot;:true,&quot;loop_autoplay&quot;:&quot;endless&quot;,&quot;interval&quot;:5,&quot;loop_manual&quot;:&quot;manual-endless&quot;,&quot;autoplay_stopper&quot;:false,&quot;noNavigation&quot;:true,&quot;bg_slider&quot;:false,&quot;keep_padding&quot;:&quot;&quot;,&quot;hoverpause&quot;:false,&quot;show_slide_delay&quot;:30}\"><div class='avia-smallarrow-slider-heading  no-content-slider-heading '><div class='new-special-heading'>&nbsp;<\/div><\/div><div class=\"avia-content-slider-inner\"><div class=\"slide-entry-wrap\"><section class='slide-entry av-av_content_slide-db5746b05bee4baa5bf0e2140aa12a02 flex_column av_fullwidth post-entry slide-entry-overview slide-loop-1 slide-parity-odd  first'  itemscope=\"itemscope\" itemtype=\"https:\/\/schema.org\/CreativeWork\" ><div class='slide-entry-excerpt entry-content'  itemprop=\"text\" ><p>Versturzpinge im neuzeitlichen Bergbaurevier von Ebenmais (Foto: M. Scherer-Windisch)<\/p>\n<\/div><\/section><\/div><div class=\"slide-entry-wrap\"><section class='slide-entry av-av_content_slide-db5746b05bee4baa5bf0e2140aa12a02 flex_column av_fullwidth post-entry slide-entry-overview slide-loop-2 slide-parity-odd  first'  itemscope=\"itemscope\" itemtype=\"https:\/\/schema.org\/CreativeWork\" ><div class='slide-entry-excerpt entry-content'  itemprop=\"text\" ><p>Aufgeschlossene Schlackenhalde Obj. 05 mit Zeigerpflanzenbewuchs (<em>Silene rupestris,<\/em> Foto: D. Brandner)<\/p>\n<\/div><\/section><\/div><div class=\"slide-entry-wrap\"><section class='slide-entry av-av_content_slide-db5746b05bee4baa5bf0e2140aa12a02 flex_column av_fullwidth post-entry slide-entry-overview slide-loop-3 slide-parity-odd  first'  itemscope=\"itemscope\" itemtype=\"https:\/\/schema.org\/CreativeWork\" ><div class='slide-entry-excerpt entry-content'  itemprop=\"text\" ><p>Aufgeschlossene Schlackenhalde des Schmelzplatzes Obj. 03 (Foto: D. Brandner)<\/p>\n<\/div><\/section><\/div><div class=\"slide-entry-wrap\"><section class='slide-entry av-av_content_slide-db5746b05bee4baa5bf0e2140aa12a02 flex_column av_fullwidth post-entry slide-entry-overview slide-loop-4 slide-parity-odd  first'  itemscope=\"itemscope\" itemtype=\"https:\/\/schema.org\/CreativeWork\" ><div class='slide-entry-excerpt entry-content'  itemprop=\"text\" ><p>Schlacken und feuerger\u00f6tete Ofensteine bei Schmelzplatz Obj. 06 (Foto: D. Brandner)<\/p>\n<\/div><\/section><\/div><div class=\"slide-entry-wrap\"><section class='slide-entry av-av_content_slide-db5746b05bee4baa5bf0e2140aa12a02 flex_column av_fullwidth post-entry slide-entry-overview slide-loop-5 slide-parity-odd  post-entry-last  first'  itemscope=\"itemscope\" itemtype=\"https:\/\/schema.org\/CreativeWork\" ><div class='slide-entry-excerpt entry-content'  itemprop=\"text\" ><p>Fund einer Reibplatte bei Schmelzplatz Obj. 06 (Foto: D. Brandner)<\/p>\n<\/div><\/section><\/div><\/div><\/div><\/p><\/div>\n","protected":false},"excerpt":{"rendered":"","protected":false},"author":1,"featured_media":0,"parent":3409,"menu_order":0,"comment_status":"closed","ping_status":"closed","template":"","meta":{"footnotes":""},"_links":{"self":[{"href":"http:\/\/www.isbe-archaeologie.at\/index.php?rest_route=\/wp\/v2\/pages\/4388"}],"collection":[{"href":"http:\/\/www.isbe-archaeologie.at\/index.php?rest_route=\/wp\/v2\/pages"}],"about":[{"href":"http:\/\/www.isbe-archaeologie.at\/index.php?rest_route=\/wp\/v2\/types\/page"}],"author":[{"embeddable":true,"href":"http:\/\/www.isbe-archaeologie.at\/index.php?rest_route=\/wp\/v2\/users\/1"}],"replies":[{"embeddable":true,"href":"http:\/\/www.isbe-archaeologie.at\/index.php?rest_route=%2Fwp%2Fv2%2Fcomments&post=4388"}],"version-history":[{"count":23,"href":"http:\/\/www.isbe-archaeologie.at\/index.php?rest_route=\/wp\/v2\/pages\/4388\/revisions"}],"predecessor-version":[{"id":4430,"href":"http:\/\/www.isbe-archaeologie.at\/index.php?rest_route=\/wp\/v2\/pages\/4388\/revisions\/4430"}],"up":[{"embeddable":true,"href":"http:\/\/www.isbe-archaeologie.at\/index.php?rest_route=\/wp\/v2\/pages\/3409"}],"wp:attachment":[{"href":"http:\/\/www.isbe-archaeologie.at\/index.php?rest_route=%2Fwp%2Fv2%2Fmedia&parent=4388"}],"curies":[{"name":"wp","href":"https:\/\/api.w.org\/{rel}","templated":true}]}}